{"id":11116,"date":"2026-09-01T16:27:21","date_gmt":"2026-09-01T14:27:21","guid":{"rendered":"https:\/\/academy.grainesdepaix.org\/?post_type=ressource&#038;p=11116"},"modified":"2026-09-01T16:27:23","modified_gmt":"2026-09-01T14:27:23","slug":"liberte-dexpression-2","status":"publish","type":"ressource","link":"https:\/\/academy.grainesdepaix.org\/en\/ressources\/liberte-dexpression-2\/","title":{"rendered":"Libert\u00e9 d&#8217;expression"},"content":{"rendered":"\n<p class=\"wp-block-paragraph\">Le respect de l&#8217;autre signifie que l&#8217;expression publique ne vise pas un tort psychologique or moral \u00a0(insultes publiques, calomnies, diffamation, mensonges), n&#8217;incite pas \u00e0 \u00a0 la violence physique de masse (par incitation \u00e0 la peur ou la haine \u00a0 ethnique, raciale, religieuse, nationale, politique, g\u00e9opolitique ou \u00a0 autre) et ne porte pas atteinte au secret (vie priv\u00e9e, secret m\u00e9dical \u00a0ou \u00a0professionnel).<\/p>\n\n\n\n<p class=\"wp-block-paragraph\">La libert\u00e9 d&#8217;expression conf\u00e8re un droit de &nbsp;protection \u00e0 &nbsp;celui qui s&#8217;exprime publiquement, et le droit \u00e0 une &nbsp;sanction qui soit &nbsp;juste et proportionn\u00e9e en cas de d\u00e9lit d&#8217;expression.<\/p>\n\n\n\n<p class=\"wp-block-paragraph\">L&#8217;expression peut prendre toutes formes (discours, textes, caricatures, images,&#8230;).<\/p>\n\n\n\n<p class=\"is-style-hero-header wp-block-paragraph\"><\/p>\n\n\n\n<p class=\"wp-block-paragraph\"><\/p>\n","protected":false},"excerpt":{"rendered":"<p>Le respect de l&#8217;autre signifie que l&#8217;expression publique ne vise pas un tort psychologique or moral \u00a0(insultes publiques, calomnies, diffamation, [&hellip;]<\/p>\n","protected":false},"featured_media":0,"template":"","tags":[],"ressources-theme":[],"category-ressources":[39],"class_list":["post-11116","ressource","type-ressource","status-publish","hentry","category-ressources-dictionnaire"],"acf":[],"yoast_head":"<!-- This site is optimized with the Yoast SEO plugin v28.2 - https:\/\/yoast.com\/product\/yoast-seo-wordpress\/ -->\n<title>Libert\u00e9 d&#039;expression - Academy Fondation Graines de Paix<\/title>\n<meta name=\"robots\" content=\"index, follow, max-snippet:-1, max-image-preview:large, max-video-preview:-1\" \/>\n<link rel=\"canonical\" href=\"https:\/\/academy.grainesdepaix.org\/en\/ressources\/liberte-dexpression-2\/\" \/>\n<meta property=\"og:locale\" content=\"en_US\" \/>\n<meta property=\"og:type\" content=\"article\" \/>\n<meta property=\"og:title\" content=\"Libert\u00e9 d&#039;expression - Academy Fondation Graines de Paix\" \/>\n<meta property=\"og:description\" content=\"Le respect de l&#8217;autre signifie que l&#8217;expression publique ne vise pas un tort psychologique or moral \u00a0(insultes publiques, calomnies, diffamation, [&hellip;]\" \/>\n<meta property=\"og:url\" content=\"https:\/\/academy.grainesdepaix.org\/en\/ressources\/liberte-dexpression-2\/\" \/>\n<meta property=\"og:site_name\" content=\"Academy Fondation Graines de Paix\" \/>\n<meta property=\"article:modified_time\" content=\"2026-09-01T14:27:23+00:00\" \/>\n<meta name=\"twitter:card\" content=\"summary_large_image\" \/>\n<meta name=\"twitter:label1\" content=\"Est. reading time\" \/>\n\t<meta name=\"twitter:data1\" content=\"1 minute\" \/>\n<script type=\"application\/ld+json\" class=\"yoast-schema-graph\">{\"@context\":\"https:\\\/\\\/schema.org\",\"@graph\":[{\"@type\":\"WebPage\",\"@id\":\"https:\\\/\\\/academy.grainesdepaix.org\\\/en\\\/ressources\\\/liberte-dexpression-2\\\/\",\"url\":\"https:\\\/\\\/academy.grainesdepaix.org\\\/en\\\/ressources\\\/liberte-dexpression-2\\\/\",\"name\":\"Libert\u00e9 d'expression - Academy Fondation Graines de Paix\",\"isPartOf\":{\"@id\":\"https:\\\/\\\/academy.grainesdepaix.org\\\/en\\\/#website\"},\"datePublished\":\"2026-09-01T14:27:21+00:00\",\"dateModified\":\"2026-09-01T14:27:23+00:00\",\"breadcrumb\":{\"@id\":\"https:\\\/\\\/academy.grainesdepaix.org\\\/en\\\/ressources\\\/liberte-dexpression-2\\\/#breadcrumb\"},\"inLanguage\":\"en-US\",\"potentialAction\":[{\"@type\":\"ReadAction\",\"target\":[\"https:\\\/\\\/academy.grainesdepaix.org\\\/en\\\/ressources\\\/liberte-dexpression-2\\\/\"]}]},{\"@type\":\"BreadcrumbList\",\"@id\":\"https:\\\/\\\/academy.grainesdepaix.org\\\/en\\\/ressources\\\/liberte-dexpression-2\\\/#breadcrumb\",\"itemListElement\":[{\"@type\":\"ListItem\",\"position\":1,\"name\":\"Home\",\"item\":\"https:\\\/\\\/academy.grainesdepaix.org\\\/en\\\/\"},{\"@type\":\"ListItem\",\"position\":2,\"name\":\"Ressources\",\"item\":\"https:\\\/\\\/academy.grainesdepaix.org\\\/en\\\/ressources\\\/\"},{\"@type\":\"ListItem\",\"position\":3,\"name\":\"Dictionary\",\"item\":\"https:\\\/\\\/academy.grainesdepaix.org\\\/en\\\/category-ressources\\\/dictionary\\\/\"},{\"@type\":\"ListItem\",\"position\":4,\"name\":\"Libert\u00e9 d&rsquo;expression\"}]},{\"@type\":\"WebSite\",\"@id\":\"https:\\\/\\\/academy.grainesdepaix.org\\\/en\\\/#website\",\"url\":\"https:\\\/\\\/academy.grainesdepaix.org\\\/en\\\/\",\"name\":\"Academy Fondation Graines de Paix\",\"description\":\"Un site utilisant WordPress\",\"potentialAction\":[{\"@type\":\"SearchAction\",\"target\":{\"@type\":\"EntryPoint\",\"urlTemplate\":\"https:\\\/\\\/academy.grainesdepaix.org\\\/en\\\/?s={search_term_string}\"},\"query-input\":{\"@type\":\"PropertyValueSpecification\",\"valueRequired\":true,\"valueName\":\"search_term_string\"}}],\"inLanguage\":\"en-US\"}]}<\/script>\n<!-- \/ Yoast SEO plugin. -->","yoast_head_json":{"title":"Libert\u00e9 d'expression - Academy Fondation Graines de Paix","robots":{"index":"index","follow":"follow","max-snippet":"max-snippet:-1","max-image-preview":"max-image-preview:large","max-video-preview":"max-video-preview:-1"},"canonical":"https:\/\/academy.grainesdepaix.org\/en\/ressources\/liberte-dexpression-2\/","og_locale":"en_US","og_type":"article","og_title":"Libert\u00e9 d'expression - Academy Fondation Graines de Paix","og_description":"Le respect de l&#8217;autre signifie que l&#8217;expression publique ne vise pas un tort psychologique or moral \u00a0(insultes publiques, calomnies, diffamation, [&hellip;]","og_url":"https:\/\/academy.grainesdepaix.org\/en\/ressources\/liberte-dexpression-2\/","og_site_name":"Academy Fondation Graines de Paix","article_modified_time":"2026-09-01T14:27:23+00:00","twitter_card":"summary_large_image","twitter_misc":{"Est. reading time":"1 minute"},"schema":{"@context":"https:\/\/schema.org","@graph":[{"@type":"WebPage","@id":"https:\/\/academy.grainesdepaix.org\/en\/ressources\/liberte-dexpression-2\/","url":"https:\/\/academy.grainesdepaix.org\/en\/ressources\/liberte-dexpression-2\/","name":"Libert\u00e9 d'expression - Academy Fondation Graines de Paix","isPartOf":{"@id":"https:\/\/academy.grainesdepaix.org\/en\/#website"},"datePublished":"2026-09-01T14:27:21+00:00","dateModified":"2026-09-01T14:27:23+00:00","breadcrumb":{"@id":"https:\/\/academy.grainesdepaix.org\/en\/ressources\/liberte-dexpression-2\/#breadcrumb"},"inLanguage":"en-US","potentialAction":[{"@type":"ReadAction","target":["https:\/\/academy.grainesdepaix.org\/en\/ressources\/liberte-dexpression-2\/"]}]},{"@type":"BreadcrumbList","@id":"https:\/\/academy.grainesdepaix.org\/en\/ressources\/liberte-dexpression-2\/#breadcrumb","itemListElement":[{"@type":"ListItem","position":1,"name":"Home","item":"https:\/\/academy.grainesdepaix.org\/en\/"},{"@type":"ListItem","position":2,"name":"Ressources","item":"https:\/\/academy.grainesdepaix.org\/en\/ressources\/"},{"@type":"ListItem","position":3,"name":"Dictionary","item":"https:\/\/academy.grainesdepaix.org\/en\/category-ressources\/dictionary\/"},{"@type":"ListItem","position":4,"name":"Libert\u00e9 d&rsquo;expression"}]},{"@type":"WebSite","@id":"https:\/\/academy.grainesdepaix.org\/en\/#website","url":"https:\/\/academy.grainesdepaix.org\/en\/","name":"Academy Fondation Graines de Paix","description":"Un site utilisant WordPress","potentialAction":[{"@type":"SearchAction","target":{"@type":"EntryPoint","urlTemplate":"https:\/\/academy.grainesdepaix.org\/en\/?s={search_term_string}"},"query-input":{"@type":"PropertyValueSpecification","valueRequired":true,"valueName":"search_term_string"}}],"inLanguage":"en-US"}]}},"_links":{"self":[{"href":"https:\/\/academy.grainesdepaix.org\/en\/wp-json\/wp\/v2\/ressource\/11116","targetHints":{"allow":["GET"]}}],"collection":[{"href":"https:\/\/academy.grainesdepaix.org\/en\/wp-json\/wp\/v2\/ressource"}],"about":[{"href":"https:\/\/academy.grainesdepaix.org\/en\/wp-json\/wp\/v2\/types\/ressource"}],"version-history":[{"count":1,"href":"https:\/\/academy.grainesdepaix.org\/en\/wp-json\/wp\/v2\/ressource\/11116\/revisions"}],"predecessor-version":[{"id":11117,"href":"https:\/\/academy.grainesdepaix.org\/en\/wp-json\/wp\/v2\/ressource\/11116\/revisions\/11117"}],"wp:attachment":[{"href":"https:\/\/academy.grainesdepaix.org\/en\/wp-json\/wp\/v2\/media?parent=11116"}],"wp:term":[{"taxonomy":"post_tag","embeddable":true,"href":"https:\/\/academy.grainesdepaix.org\/en\/wp-json\/wp\/v2\/tags?post=11116"},{"taxonomy":"ressources-theme","embeddable":true,"href":"https:\/\/academy.grainesdepaix.org\/en\/wp-json\/wp\/v2\/ressources-theme?post=11116"},{"taxonomy":"category-ressources","embeddable":true,"href":"https:\/\/academy.grainesdepaix.org\/en\/wp-json\/wp\/v2\/category-ressources?post=11116"}],"curies":[{"name":"wp","href":"https:\/\/api.w.org\/{rel}","templated":true}]}}

Liberté d&#8217;expression

<p class="wp-block-paragraph">Le respect de l&#8217;autre signifie que l&#8217;expression publique ne vise pas un tort psychologique or moral  (insultes publiques, calomnies, diffamation, mensonges), n&#8217;incite pas à   la violence physique de masse (par incitation à la peur ou la haine   ethnique, raciale, religieuse, nationale, politique, géopolitique ou   autre) et ne porte pas atteinte au secret (vie privée, secret médical  ou  professionnel).</p>



<p class="wp-block-paragraph">La liberté d&#8217;expression confère un droit de &nbsp;protection à &nbsp;celui qui s&#8217;exprime publiquement, et le droit à une &nbsp;sanction qui soit &nbsp;juste et proportionnée en cas de délit d&#8217;expression.</p>



<p class="wp-block-paragraph">L&#8217;expression peut prendre toutes formes (discours, textes, caricatures, images,&#8230;).</p>



<p class="is-style-hero-header wp-block-paragraph"></p>



<p class="wp-block-paragraph"></p>

<!-- This site is optimized with the Yoast SEO plugin v28.2 - https://yoast.com/product/yoast-seo-wordpress/ -->
<title>Liberté d&#039;expression - Academy Fondation Graines de Paix</title>
<meta name="robots" content="index, follow, max-snippet:-1, max-image-preview:large, max-video-preview:-1" />
<link rel="canonical" href="https://academy.grainesdepaix.org/en/ressources/liberte-dexpression-2/" />
<meta property="og:locale" content="en_US" />
<meta property="og:type" content="article" />
<meta property="og:title" content="Liberté d&#039;expression - Academy Fondation Graines de Paix" />
<meta property="og:description" content="Le respect de l&#8217;autre signifie que l&#8217;expression publique ne vise pas un tort psychologique or moral  (insultes publiques, calomnies, diffamation, [&hellip;]" />
<meta property="og:url" content="https://academy.grainesdepaix.org/en/ressources/liberte-dexpression-2/" />
<meta property="og:site_name" content="Academy Fondation Graines de Paix" />
<meta property="article:modified_time" content="2026-09-01T14:27:23+00:00" />
<meta name="twitter:card" content="summary_large_image" />
<meta name="twitter:label1" content="Est. reading time" />
	<meta name="twitter:data1" content="1 minute" />
<script type="application/ld+json" class="yoast-schema-graph">{"@context":"https:\/\/schema.org","@graph":[{"@type":"WebPage","@id":"https:\/\/academy.grainesdepaix.org\/en\/ressources\/liberte-dexpression-2\/","url":"https:\/\/academy.grainesdepaix.org\/en\/ressources\/liberte-dexpression-2\/","name":"Liberté d'expression - Academy Fondation Graines de Paix","isPartOf":{"@id":"https:\/\/academy.grainesdepaix.org\/en\/#website"},"datePublished":"2026-09-01T14:27:21+00:00","dateModified":"2026-09-01T14:27:23+00:00","breadcrumb":{"@id":"https:\/\/academy.grainesdepaix.org\/en\/ressources\/liberte-dexpression-2\/#breadcrumb"},"inLanguage":"en-US","potentialAction":[{"@type":"ReadAction","target":["https:\/\/academy.grainesdepaix.org\/en\/ressources\/liberte-dexpression-2\/"]}]},{"@type":"BreadcrumbList","@id":"https:\/\/academy.grainesdepaix.org\/en\/ressources\/liberte-dexpression-2\/#breadcrumb","itemListElement":[{"@type":"ListItem","position":1,"name":"Home","item":"https:\/\/academy.grainesdepaix.org\/en\/"},{"@type":"ListItem","position":2,"name":"Ressources","item":"https:\/\/academy.grainesdepaix.org\/en\/ressources\/"},{"@type":"ListItem","position":3,"name":"Dictionary","item":"https:\/\/academy.grainesdepaix.org\/en\/category-ressources\/dictionary\/"},{"@type":"ListItem","position":4,"name":"Liberté d&rsquo;expression"}]},{"@type":"WebSite","@id":"https:\/\/academy.grainesdepaix.org\/en\/#website","url":"https:\/\/academy.grainesdepaix.org\/en\/","name":"Academy Fondation Graines de Paix","description":"Un site utilisant WordPress","potentialAction":[{"@type":"SearchAction","target":{"@type":"EntryPoint","urlTemplate":"https:\/\/academy.grainesdepaix.org\/en\/?s={search_term_string}"},"query-input":{"@type":"PropertyValueSpecification","valueRequired":true,"valueName":"search_term_string"}}],"inLanguage":"en-US"}]}</script>
<!-- / Yoast SEO plugin. -->

Liberté d'expression - Academy Fondation Graines de Paix

Liberté d&rsquo;expression
