{"id":11123,"date":"2026-09-01T16:54:18","date_gmt":"2026-09-01T14:54:18","guid":{"rendered":"https:\/\/academy.grainesdepaix.org\/?post_type=ressource&#038;p=11123"},"modified":"2026-09-01T17:21:31","modified_gmt":"2026-09-01T15:21:31","slug":"la-paix-une-vision-a-cultiver","status":"publish","type":"ressource","link":"https:\/\/academy.grainesdepaix.org\/en\/ressources\/la-paix-une-vision-a-cultiver\/","title":{"rendered":"La paix une vision \u00e0 cultiver"},"content":{"rendered":"\n<h3 class=\"wp-block-heading\">Nos constats<\/h3>\n\n\n\n<p class=\"wp-block-paragraph\">Nous nous \u00e9loignons de la paix et les gouvernements actuels tendent \u00e0 nous rapprocher de la guerre. Pourtant, les lois, les institutions internationales, les religions, ont pour but de contribuer \u00e0 un climat de paix, et nos soci\u00e9t\u00e9s ont les moyens et outils pour soutenir la pai<\/p>\n\n\n\n<div class=\"wp-block-buttons is-layout-flex wp-block-buttons-is-layout-flex\">\n<div class=\"wp-block-button\"><a class=\"wp-block-button__link wp-element-button\" href=\"https:\/\/academy.grainesdepaix.org\/ressources\/nos-constats\/\">En savoir plus sur nos constats<\/a><\/div>\n<\/div>\n\n\n\n<p class=\"wp-block-paragraph\"><\/p>\n\n\n\n<h3 class=\"wp-block-heading\">Comment d\u00e9finir la paix ?<\/h3>\n\n\n\n<p class=\"wp-block-paragraph\">La paix est une dynamique incessante d&#8217;interactions mutuellement positives, permettant d&#8217;atteindre ensemble l&#8217;harmonie, durablement. Elle est fond\u00e9e sur la recherche continue de convergence, vers le point d&#8217;\u00e9quilibre, au del\u00e0 des diff\u00e9rences d&#8217;opinion.<\/p>\n\n\n\n<div class=\"wp-block-buttons is-layout-flex wp-block-buttons-is-layout-flex\">\n<div class=\"wp-block-button\"><a class=\"wp-block-button__link wp-element-button\" href=\"https:\/\/academy.grainesdepaix.org\/ressources\/comment-definir-la-paix-2\/\">En savoir plus sur la d\u00e9finition de la paix<\/a><\/div>\n<\/div>\n\n\n\n<p class=\"wp-block-paragraph\"><\/p>\n\n\n\n<h3 class=\"wp-block-heading\">Cultures, religions et valeurs humaines<\/h3>\n\n\n\n<p class=\"wp-block-paragraph\">Plus une culture ou une religion relie par ses valeurs humaines, plus elles est ouverte et inspirante pour les autres. Et plus elle assure ainsi la paix. Si les cultures et les religions ne relient en leur sein que par leurs diff\u00e9rences et leurs signes ext\u00e9rieurs, elles inspirent la m\u00e9fiance r\u00e9ciproque et elles m\u00e8nent ainsi \u00e0 la guerre.<\/p>\n\n\n\n<div class=\"wp-block-buttons is-layout-flex wp-block-buttons-is-layout-flex\">\n<div class=\"wp-block-button\"><a class=\"wp-block-button__link wp-element-button\" href=\"https:\/\/academy.grainesdepaix.org\/ressources\/cultures-religions-et-valeurs-humaines\/\">En savoir plus sur les cultures, religions et valeurs humaines<\/a><\/div>\n<\/div>\n\n\n\n<p class=\"wp-block-paragraph\"><\/p>\n","protected":false},"excerpt":{"rendered":"<p>Nos constats Nous nous \u00e9loignons de la paix et les gouvernements actuels tendent \u00e0 nous rapprocher de la guerre. Pourtant, [&hellip;]<\/p>\n","protected":false},"featured_media":0,"template":"","tags":[],"ressources-theme":[],"category-ressources":[105,93],"class_list":["post-11123","ressource","type-ressource","status-publish","hentry","category-ressources-concepts-de-paix","category-ressources-sinspirer"],"acf":[],"yoast_head":"<!-- This site is optimized with the Yoast SEO plugin v28.2 - https:\/\/yoast.com\/product\/yoast-seo-wordpress\/ -->\n<title>La paix une vision \u00e0 cultiver - Academy Fondation Graines de Paix<\/title>\n<meta name=\"robots\" content=\"index, follow, max-snippet:-1, max-image-preview:large, max-video-preview:-1\" \/>\n<link rel=\"canonical\" href=\"https:\/\/academy.grainesdepaix.org\/en\/ressources\/la-paix-une-vision-a-cultiver\/\" \/>\n<meta property=\"og:locale\" content=\"en_US\" \/>\n<meta property=\"og:type\" content=\"article\" \/>\n<meta property=\"og:title\" content=\"La paix une vision \u00e0 cultiver - Academy Fondation Graines de Paix\" \/>\n<meta property=\"og:description\" content=\"Nos constats Nous nous \u00e9loignons de la paix et les gouvernements actuels tendent \u00e0 nous rapprocher de la guerre. Pourtant, [&hellip;]\" \/>\n<meta property=\"og:url\" content=\"https:\/\/academy.grainesdepaix.org\/en\/ressources\/la-paix-une-vision-a-cultiver\/\" \/>\n<meta property=\"og:site_name\" content=\"Academy Fondation Graines de Paix\" \/>\n<meta property=\"article:modified_time\" content=\"2026-09-01T15:21:31+00:00\" \/>\n<meta name=\"twitter:card\" content=\"summary_large_image\" \/>\n<meta name=\"twitter:label1\" content=\"Est. reading time\" \/>\n\t<meta name=\"twitter:data1\" content=\"1 minute\" \/>\n<script type=\"application\/ld+json\" class=\"yoast-schema-graph\">{\"@context\":\"https:\\\/\\\/schema.org\",\"@graph\":[{\"@type\":\"WebPage\",\"@id\":\"https:\\\/\\\/academy.grainesdepaix.org\\\/en\\\/ressources\\\/la-paix-une-vision-a-cultiver\\\/\",\"url\":\"https:\\\/\\\/academy.grainesdepaix.org\\\/en\\\/ressources\\\/la-paix-une-vision-a-cultiver\\\/\",\"name\":\"La paix une vision \u00e0 cultiver - Academy Fondation Graines de Paix\",\"isPartOf\":{\"@id\":\"https:\\\/\\\/academy.grainesdepaix.org\\\/en\\\/#website\"},\"datePublished\":\"2026-09-01T14:54:18+00:00\",\"dateModified\":\"2026-09-01T15:21:31+00:00\",\"breadcrumb\":{\"@id\":\"https:\\\/\\\/academy.grainesdepaix.org\\\/en\\\/ressources\\\/la-paix-une-vision-a-cultiver\\\/#breadcrumb\"},\"inLanguage\":\"en-US\",\"potentialAction\":[{\"@type\":\"ReadAction\",\"target\":[\"https:\\\/\\\/academy.grainesdepaix.org\\\/en\\\/ressources\\\/la-paix-une-vision-a-cultiver\\\/\"]}]},{\"@type\":\"BreadcrumbList\",\"@id\":\"https:\\\/\\\/academy.grainesdepaix.org\\\/en\\\/ressources\\\/la-paix-une-vision-a-cultiver\\\/#breadcrumb\",\"itemListElement\":[{\"@type\":\"ListItem\",\"position\":1,\"name\":\"Home\",\"item\":\"https:\\\/\\\/academy.grainesdepaix.org\\\/en\\\/\"},{\"@type\":\"ListItem\",\"position\":2,\"name\":\"Ressources\",\"item\":\"https:\\\/\\\/academy.grainesdepaix.org\\\/en\\\/ressources\\\/\"},{\"@type\":\"ListItem\",\"position\":3,\"name\":\"Get inspired\",\"item\":\"https:\\\/\\\/academy.grainesdepaix.org\\\/en\\\/category-ressources\\\/get-inspired\\\/\"},{\"@type\":\"ListItem\",\"position\":4,\"name\":\"Peace concepts\",\"item\":\"https:\\\/\\\/academy.grainesdepaix.org\\\/en\\\/category-ressources\\\/peace-concepts\\\/\"},{\"@type\":\"ListItem\",\"position\":5,\"name\":\"La paix une vision \u00e0 cultiver\"}]},{\"@type\":\"WebSite\",\"@id\":\"https:\\\/\\\/academy.grainesdepaix.org\\\/en\\\/#website\",\"url\":\"https:\\\/\\\/academy.grainesdepaix.org\\\/en\\\/\",\"name\":\"Academy Fondation Graines de Paix\",\"description\":\"Un site utilisant WordPress\",\"potentialAction\":[{\"@type\":\"SearchAction\",\"target\":{\"@type\":\"EntryPoint\",\"urlTemplate\":\"https:\\\/\\\/academy.grainesdepaix.org\\\/en\\\/?s={search_term_string}\"},\"query-input\":{\"@type\":\"PropertyValueSpecification\",\"valueRequired\":true,\"valueName\":\"search_term_string\"}}],\"inLanguage\":\"en-US\"}]}<\/script>\n<!-- \/ Yoast SEO plugin. -->","yoast_head_json":{"title":"La paix une vision \u00e0 cultiver - Academy Fondation Graines de Paix","robots":{"index":"index","follow":"follow","max-snippet":"max-snippet:-1","max-image-preview":"max-image-preview:large","max-video-preview":"max-video-preview:-1"},"canonical":"https:\/\/academy.grainesdepaix.org\/en\/ressources\/la-paix-une-vision-a-cultiver\/","og_locale":"en_US","og_type":"article","og_title":"La paix une vision \u00e0 cultiver - Academy Fondation Graines de Paix","og_description":"Nos constats Nous nous \u00e9loignons de la paix et les gouvernements actuels tendent \u00e0 nous rapprocher de la guerre. Pourtant, [&hellip;]","og_url":"https:\/\/academy.grainesdepaix.org\/en\/ressources\/la-paix-une-vision-a-cultiver\/","og_site_name":"Academy Fondation Graines de Paix","article_modified_time":"2026-09-01T15:21:31+00:00","twitter_card":"summary_large_image","twitter_misc":{"Est. reading time":"1 minute"},"schema":{"@context":"https:\/\/schema.org","@graph":[{"@type":"WebPage","@id":"https:\/\/academy.grainesdepaix.org\/en\/ressources\/la-paix-une-vision-a-cultiver\/","url":"https:\/\/academy.grainesdepaix.org\/en\/ressources\/la-paix-une-vision-a-cultiver\/","name":"La paix une vision \u00e0 cultiver - Academy Fondation Graines de Paix","isPartOf":{"@id":"https:\/\/academy.grainesdepaix.org\/en\/#website"},"datePublished":"2026-09-01T14:54:18+00:00","dateModified":"2026-09-01T15:21:31+00:00","breadcrumb":{"@id":"https:\/\/academy.grainesdepaix.org\/en\/ressources\/la-paix-une-vision-a-cultiver\/#breadcrumb"},"inLanguage":"en-US","potentialAction":[{"@type":"ReadAction","target":["https:\/\/academy.grainesdepaix.org\/en\/ressources\/la-paix-une-vision-a-cultiver\/"]}]},{"@type":"BreadcrumbList","@id":"https:\/\/academy.grainesdepaix.org\/en\/ressources\/la-paix-une-vision-a-cultiver\/#breadcrumb","itemListElement":[{"@type":"ListItem","position":1,"name":"Home","item":"https:\/\/academy.grainesdepaix.org\/en\/"},{"@type":"ListItem","position":2,"name":"Ressources","item":"https:\/\/academy.grainesdepaix.org\/en\/ressources\/"},{"@type":"ListItem","position":3,"name":"Get inspired","item":"https:\/\/academy.grainesdepaix.org\/en\/category-ressources\/get-inspired\/"},{"@type":"ListItem","position":4,"name":"Peace concepts","item":"https:\/\/academy.grainesdepaix.org\/en\/category-ressources\/peace-concepts\/"},{"@type":"ListItem","position":5,"name":"La paix une vision \u00e0 cultiver"}]},{"@type":"WebSite","@id":"https:\/\/academy.grainesdepaix.org\/en\/#website","url":"https:\/\/academy.grainesdepaix.org\/en\/","name":"Academy Fondation Graines de Paix","description":"Un site utilisant WordPress","potentialAction":[{"@type":"SearchAction","target":{"@type":"EntryPoint","urlTemplate":"https:\/\/academy.grainesdepaix.org\/en\/?s={search_term_string}"},"query-input":{"@type":"PropertyValueSpecification","valueRequired":true,"valueName":"search_term_string"}}],"inLanguage":"en-US"}]}},"_links":{"self":[{"href":"https:\/\/academy.grainesdepaix.org\/en\/wp-json\/wp\/v2\/ressource\/11123","targetHints":{"allow":["GET"]}}],"collection":[{"href":"https:\/\/academy.grainesdepaix.org\/en\/wp-json\/wp\/v2\/ressource"}],"about":[{"href":"https:\/\/academy.grainesdepaix.org\/en\/wp-json\/wp\/v2\/types\/ressource"}],"version-history":[{"count":5,"href":"https:\/\/academy.grainesdepaix.org\/en\/wp-json\/wp\/v2\/ressource\/11123\/revisions"}],"predecessor-version":[{"id":11140,"href":"https:\/\/academy.grainesdepaix.org\/en\/wp-json\/wp\/v2\/ressource\/11123\/revisions\/11140"}],"wp:attachment":[{"href":"https:\/\/academy.grainesdepaix.org\/en\/wp-json\/wp\/v2\/media?parent=11123"}],"wp:term":[{"taxonomy":"post_tag","embeddable":true,"href":"https:\/\/academy.grainesdepaix.org\/en\/wp-json\/wp\/v2\/tags?post=11123"},{"taxonomy":"ressources-theme","embeddable":true,"href":"https:\/\/academy.grainesdepaix.org\/en\/wp-json\/wp\/v2\/ressources-theme?post=11123"},{"taxonomy":"category-ressources","embeddable":true,"href":"https:\/\/academy.grainesdepaix.org\/en\/wp-json\/wp\/v2\/category-ressources?post=11123"}],"curies":[{"name":"wp","href":"https:\/\/api.w.org\/{rel}","templated":true}]}}

La paix une vision à cultiver

<h3 class="wp-block-heading">Nos constats</h3>



<p class="wp-block-paragraph">Nous nous éloignons de la paix et les gouvernements actuels tendent à nous rapprocher de la guerre. Pourtant, les lois, les institutions internationales, les religions, ont pour but de contribuer à un climat de paix, et nos sociétés ont les moyens et outils pour soutenir la pai</p>



<div class="wp-block-buttons is-layout-flex wp-block-buttons-is-layout-flex">
<div class="wp-block-button"><a class="wp-block-button__link wp-element-button" href="https://academy.grainesdepaix.org/ressources/nos-constats/">En savoir plus sur nos constats</a></div>
</div>



<p class="wp-block-paragraph"></p>



<h3 class="wp-block-heading">Comment définir la paix ?</h3>



<p class="wp-block-paragraph">La paix est une dynamique incessante d&#8217;interactions mutuellement positives, permettant d&#8217;atteindre ensemble l&#8217;harmonie, durablement. Elle est fondée sur la recherche continue de convergence, vers le point d&#8217;équilibre, au delà des différences d&#8217;opinion.</p>



<div class="wp-block-buttons is-layout-flex wp-block-buttons-is-layout-flex">
<div class="wp-block-button"><a class="wp-block-button__link wp-element-button" href="https://academy.grainesdepaix.org/ressources/comment-definir-la-paix-2/">En savoir plus sur la définition de la paix</a></div>
</div>



<p class="wp-block-paragraph"></p>



<h3 class="wp-block-heading">Cultures, religions et valeurs humaines</h3>



<p class="wp-block-paragraph">Plus une culture ou une religion relie par ses valeurs humaines, plus elles est ouverte et inspirante pour les autres. Et plus elle assure ainsi la paix. Si les cultures et les religions ne relient en leur sein que par leurs différences et leurs signes extérieurs, elles inspirent la méfiance réciproque et elles mènent ainsi à la guerre.</p>



<div class="wp-block-buttons is-layout-flex wp-block-buttons-is-layout-flex">
<div class="wp-block-button"><a class="wp-block-button__link wp-element-button" href="https://academy.grainesdepaix.org/ressources/cultures-religions-et-valeurs-humaines/">En savoir plus sur les cultures, religions et valeurs humaines</a></div>
</div>



<p class="wp-block-paragraph"></p>

<p>Nos constats Nous nous éloignons de la paix et les gouvernements actuels tendent à nous rapprocher de la guerre. Pourtant, [&hellip;]</p>

<!-- This site is optimized with the Yoast SEO plugin v28.2 - https://yoast.com/product/yoast-seo-wordpress/ -->
<title>La paix une vision à cultiver - Academy Fondation Graines de Paix</title>
<meta name="robots" content="index, follow, max-snippet:-1, max-image-preview:large, max-video-preview:-1" />
<link rel="canonical" href="https://academy.grainesdepaix.org/en/ressources/la-paix-une-vision-a-cultiver/" />
<meta property="og:locale" content="en_US" />
<meta property="og:type" content="article" />
<meta property="og:title" content="La paix une vision à cultiver - Academy Fondation Graines de Paix" />
<meta property="og:description" content="Nos constats Nous nous éloignons de la paix et les gouvernements actuels tendent à nous rapprocher de la guerre. Pourtant, [&hellip;]" />
<meta property="og:url" content="https://academy.grainesdepaix.org/en/ressources/la-paix-une-vision-a-cultiver/" />
<meta property="og:site_name" content="Academy Fondation Graines de Paix" />
<meta property="article:modified_time" content="2026-09-01T15:21:31+00:00" />
<meta name="twitter:card" content="summary_large_image" />
<meta name="twitter:label1" content="Est. reading time" />
	<meta name="twitter:data1" content="1 minute" />
<script type="application/ld+json" class="yoast-schema-graph">{"@context":"https:\/\/schema.org","@graph":[{"@type":"WebPage","@id":"https:\/\/academy.grainesdepaix.org\/en\/ressources\/la-paix-une-vision-a-cultiver\/","url":"https:\/\/academy.grainesdepaix.org\/en\/ressources\/la-paix-une-vision-a-cultiver\/","name":"La paix une vision à cultiver - Academy Fondation Graines de Paix","isPartOf":{"@id":"https:\/\/academy.grainesdepaix.org\/en\/#website"},"datePublished":"2026-09-01T14:54:18+00:00","dateModified":"2026-09-01T15:21:31+00:00","breadcrumb":{"@id":"https:\/\/academy.grainesdepaix.org\/en\/ressources\/la-paix-une-vision-a-cultiver\/#breadcrumb"},"inLanguage":"en-US","potentialAction":[{"@type":"ReadAction","target":["https:\/\/academy.grainesdepaix.org\/en\/ressources\/la-paix-une-vision-a-cultiver\/"]}]},{"@type":"BreadcrumbList","@id":"https:\/\/academy.grainesdepaix.org\/en\/ressources\/la-paix-une-vision-a-cultiver\/#breadcrumb","itemListElement":[{"@type":"ListItem","position":1,"name":"Home","item":"https:\/\/academy.grainesdepaix.org\/en\/"},{"@type":"ListItem","position":2,"name":"Ressources","item":"https:\/\/academy.grainesdepaix.org\/en\/ressources\/"},{"@type":"ListItem","position":3,"name":"Get inspired","item":"https:\/\/academy.grainesdepaix.org\/en\/category-ressources\/get-inspired\/"},{"@type":"ListItem","position":4,"name":"Peace concepts","item":"https:\/\/academy.grainesdepaix.org\/en\/category-ressources\/peace-concepts\/"},{"@type":"ListItem","position":5,"name":"La paix une vision à cultiver"}]},{"@type":"WebSite","@id":"https:\/\/academy.grainesdepaix.org\/en\/#website","url":"https:\/\/academy.grainesdepaix.org\/en\/","name":"Academy Fondation Graines de Paix","description":"Un site utilisant WordPress","potentialAction":[{"@type":"SearchAction","target":{"@type":"EntryPoint","urlTemplate":"https:\/\/academy.grainesdepaix.org\/en\/?s={search_term_string}"},"query-input":{"@type":"PropertyValueSpecification","valueRequired":true,"valueName":"search_term_string"}}],"inLanguage":"en-US"}]}</script>
<!-- / Yoast SEO plugin. -->

La paix une vision à cultiver - Academy Fondation Graines de Paix

Nos constats Nous nous éloignons de la paix et les gouvernements actuels tendent à nous rapprocher de la guerre. Pourtant, [&hellip;]
