{"id":11127,"date":"2026-09-01T17:01:17","date_gmt":"2026-09-01T15:01:17","guid":{"rendered":"https:\/\/academy.grainesdepaix.org\/?post_type=ressource&#038;p=11127"},"modified":"2026-09-01T17:02:04","modified_gmt":"2026-09-01T15:02:04","slug":"nos-constats","status":"publish","type":"ressource","link":"https:\/\/academy.grainesdepaix.org\/en\/ressources\/nos-constats\/","title":{"rendered":"Nos constats"},"content":{"rendered":"\n<h2 class=\"wp-block-heading\">Les faits n\u00e9gatifs<\/h2>\n\n\n\n<p class=\"wp-block-paragraph\">Malgr\u00e9 tous les efforts d\u00e9ploy\u00e9s par certains gouvernements, instances religieuses, ONG, groupements motiv\u00e9s, acteurs, chanteurs, et auteurs,\u00a0les constats sont sombres :<\/p>\n\n\n\n<h3 class=\"wp-block-heading has-global-primary-color has-text-color has-link-color wp-elements-9aca5f74f4a3d3aa19b5102f5e3e9938\">1. La violence redevient omnipr\u00e9sente au 21\u00e8me si\u00e8cle<\/h3>\n\n\n\n<ul class=\"wp-block-list\">\n<li><strong>Violence g\u00e9opolitique:<\/strong><br>Morts, amput\u00e9s et bless\u00e9s graves, orphelins<br>Destruction de l&#8217;habitat, des infrastructures, des \u00e9coles.<br>Pollution extr\u00eame (air, terre, eaux).<\/li>\n\n\n\n<li><strong>Violence physique, psychologique, morale, sexuelle<\/strong>:<br>Trop de violences sont encore commises aujourd&#8217;hui au sein de la famille, du couple, \u00e0 l&#8217;\u00e9cole, entre coll\u00e8gues, entre bandes, et plus g\u00e9n\u00e9ralement contre ceux qu&#8217;on n&#8217;accepte pas ou qu&#8217;on ne respecte pas.<\/li>\n\n\n\n<li><strong>Violence religieuse et ethnique<\/strong><br>G\u00e9n\u00e9ralement foment\u00e9e par des puissances ext\u00e9rieures, mais sans prise de conscience nette par les populations, manipul\u00e9es.<\/li>\n<\/ul>\n\n\n\n<h3 class=\"wp-block-heading has-global-primary-color has-text-color has-link-color wp-elements-7bfda6a6535b0856c52fca36d044bece\">2. L&#8217;insatisfaction extr\u00eame prend des proportions dangereuses<\/h3>\n\n\n\n<p class=\"wp-block-paragraph\">La mar\u00e9e de r\u00e9pliques agressives, de jugements trop h\u00e2tifs, de paroles haineuses, de meurtres, sont un signal d&#8217;alerte des sentiments tr\u00e8s forts d&#8217;injustice et de mise \u00e0 l&#8217;\u00e9cart, menant \u00e0 des r\u00e9voltes manipulables.<\/p>\n\n\n\n<h3 class=\"wp-block-heading has-global-primary-color has-text-color has-link-color wp-elements-6a079c27e0840d5a3c0b6ab0ec7540c5\">3. La transmission de valeurs humaines ne se fait pas ou si peu<\/h3>\n\n\n\n<ul class=\"wp-block-list\">\n<li>Les gouvernants, les syst\u00e8mes scolaires, de nombreux acteurs sociaux et religieux ne s&#8217;expriment pas clairement sur le caract\u00e8re\u00a0<em>inacceptable\u00a0<\/em>de la violence<em>,\u00a0<\/em>des violences de toutes formes. La r\u00e9pression n&#8217;est pas une transmission de valeurs humaines.<\/li>\n\n\n\n<li>Des personnes de cultures diff\u00e9rentes persistent \u00e0 percevoir les autres cultures comme immuablement n\u00e9fastes \u2013 sans entente possible sur le plan des valeurs humaines &#8211; d\u00e9valorisant par-l\u00e0 m\u00eame les valeurs supr\u00eames de leur propre culture.<\/li>\n<\/ul>\n\n\n\n<hr class=\"wp-block-separator has-alpha-channel-opacity is-style-wide\"\/>\n\n\n\n<h2 class=\"wp-block-heading\">Pourtant &#8211; sur le plan positif :<\/h2>\n\n\n\n<h3 class=\"wp-block-heading has-global-primary-color has-text-color has-link-color wp-elements-447a217c460f9eba91fee6aff3e50bc7\">1. De nombreux textes officiels r\u00e9gissent le vivre-ensemble :<\/h3>\n\n\n\n<ul class=\"wp-block-list\">\n<li>Depuis 1945, de plus en plus de constitutions et de conventions instituent d\u00e9sormais le droit \u00e0 la vie, le droit \u00e0 la paix, les droits humains, les droits des enfants, le r\u00f4le des femmes dans les processus de paix, la limitation d&#8217;armes et des mines antipersonnelles, les droits des minorit\u00e9s et des migrants, la suppression de la peine de mort, les mesures en faveur du d\u00e9veloppement durable, etc. Tous ces accomplissements \u00e9taient difficilement r\u00e9alisables avant le 20e si\u00e8cle.<br><em>Mais vont-elles pouvoir jouer leur r\u00f4le au 21e si\u00e8cle?<\/em><\/li>\n<\/ul>\n\n\n\n<h3 class=\"wp-block-heading has-global-primary-color has-text-color has-link-color wp-elements-fc4dd4298bed4ef9b0100f04575ffcfd\">2. La soci\u00e9t\u00e9 civile s&#8217;engage et influence :<\/h3>\n\n\n\n<ul class=\"wp-block-list\">\n<li>Nombre de femmes et d&#8217;hommes de par le monde, obtiennent gain de cause gr\u00e2ce \u00e0 des approches non-violentes, et se mobilisent pour \u0153uvrer pour un climat de paix<\/li>\n\n\n\n<li>De nombreuses initiatives priv\u00e9es existent d\u00e9sormais pour proposer des alternatives \u00e0 la violence, avec des id\u00e9es, des d\u00e9finitions nouvelles, des m\u00e9thodes, des conf\u00e9rences et des cours.\u00a0Cette \u00e9volution positive est faite de multiples initiatives \u00e0 tous niveaux.<br>\u200b<em>Cependant, ces acquis sont des plus fragiles au 21e si\u00e8cle et requi\u00e8rent le soutien plus large de ceux qui se limitent aux critiques afin de ne pas soudain dispara\u00eetre.<\/em><\/li>\n<\/ul>\n\n\n\n<h3 class=\"wp-block-heading has-global-primary-color has-text-color has-link-color wp-elements-bbaa463415a00234a3698962bdbff057\">3. Des syst\u00e8mes scolaires r\u00e9agissent<\/h3>\n\n\n\n<p class=\"wp-block-paragraph\">Face aux violences entre \u00e9l\u00e8ves et aux lacunes de civilit\u00e9, certains syst\u00e8mes scolaires \u00e9voluent pour introduire des outils de pr\u00e9vention des violences et recr\u00e9er un mieux vivre ensemble. D&#8217;autres vont plus loin en introduisant des comp\u00e9tences \u00e9motionnelles et sociales. D&#8217;autres encore cherchent \u00e0 introduire un ensemble complet de comp\u00e9tences de vie qui deviennent aussi des comp\u00e9tences de paix.<br><em>Cependant, ces efforts ne pourront porter leurs fruits qu&#8217;en accordant le temps requis pour d\u00e9passer les r\u00e9sistances et transformer les attitudes et comportements.<\/em><\/p>\n","protected":false},"excerpt":{"rendered":"<p>Les faits n\u00e9gatifs Malgr\u00e9 tous les efforts d\u00e9ploy\u00e9s par certains gouvernements, instances religieuses, ONG, groupements motiv\u00e9s, acteurs, chanteurs, et auteurs,\u00a0les [&hellip;]<\/p>\n","protected":false},"featured_media":0,"template":"","tags":[],"ressources-theme":[],"category-ressources":[105,93],"class_list":["post-11127","ressource","type-ressource","status-publish","hentry","category-ressources-concepts-de-paix","category-ressources-sinspirer"],"acf":[],"yoast_head":"<!-- This site is optimized with the Yoast SEO plugin v28.2 - https:\/\/yoast.com\/product\/yoast-seo-wordpress\/ -->\n<title>Nos constats - Academy Fondation Graines de Paix<\/title>\n<meta name=\"robots\" content=\"index, follow, max-snippet:-1, max-image-preview:large, max-video-preview:-1\" \/>\n<link rel=\"canonical\" href=\"https:\/\/academy.grainesdepaix.org\/en\/ressources\/nos-constats\/\" \/>\n<meta property=\"og:locale\" content=\"en_US\" \/>\n<meta property=\"og:type\" content=\"article\" \/>\n<meta property=\"og:title\" content=\"Nos constats - Academy Fondation Graines de Paix\" \/>\n<meta property=\"og:description\" content=\"Les faits n\u00e9gatifs Malgr\u00e9 tous les efforts d\u00e9ploy\u00e9s par certains gouvernements, instances religieuses, ONG, groupements motiv\u00e9s, acteurs, chanteurs, et auteurs,\u00a0les [&hellip;]\" \/>\n<meta property=\"og:url\" content=\"https:\/\/academy.grainesdepaix.org\/en\/ressources\/nos-constats\/\" \/>\n<meta property=\"og:site_name\" content=\"Academy Fondation Graines de Paix\" \/>\n<meta property=\"article:modified_time\" content=\"2026-09-01T15:02:04+00:00\" \/>\n<meta name=\"twitter:card\" content=\"summary_large_image\" \/>\n<meta name=\"twitter:label1\" content=\"Est. reading time\" \/>\n\t<meta name=\"twitter:data1\" content=\"3 minutes\" \/>\n<script type=\"application\/ld+json\" class=\"yoast-schema-graph\">{\"@context\":\"https:\\\/\\\/schema.org\",\"@graph\":[{\"@type\":\"WebPage\",\"@id\":\"https:\\\/\\\/academy.grainesdepaix.org\\\/en\\\/ressources\\\/nos-constats\\\/\",\"url\":\"https:\\\/\\\/academy.grainesdepaix.org\\\/en\\\/ressources\\\/nos-constats\\\/\",\"name\":\"Nos constats - Academy Fondation Graines de Paix\",\"isPartOf\":{\"@id\":\"https:\\\/\\\/academy.grainesdepaix.org\\\/en\\\/#website\"},\"datePublished\":\"2026-09-01T15:01:17+00:00\",\"dateModified\":\"2026-09-01T15:02:04+00:00\",\"breadcrumb\":{\"@id\":\"https:\\\/\\\/academy.grainesdepaix.org\\\/en\\\/ressources\\\/nos-constats\\\/#breadcrumb\"},\"inLanguage\":\"en-US\",\"potentialAction\":[{\"@type\":\"ReadAction\",\"target\":[\"https:\\\/\\\/academy.grainesdepaix.org\\\/en\\\/ressources\\\/nos-constats\\\/\"]}]},{\"@type\":\"BreadcrumbList\",\"@id\":\"https:\\\/\\\/academy.grainesdepaix.org\\\/en\\\/ressources\\\/nos-constats\\\/#breadcrumb\",\"itemListElement\":[{\"@type\":\"ListItem\",\"position\":1,\"name\":\"Home\",\"item\":\"https:\\\/\\\/academy.grainesdepaix.org\\\/en\\\/\"},{\"@type\":\"ListItem\",\"position\":2,\"name\":\"Ressources\",\"item\":\"https:\\\/\\\/academy.grainesdepaix.org\\\/en\\\/ressources\\\/\"},{\"@type\":\"ListItem\",\"position\":3,\"name\":\"Get inspired\",\"item\":\"https:\\\/\\\/academy.grainesdepaix.org\\\/en\\\/category-ressources\\\/get-inspired\\\/\"},{\"@type\":\"ListItem\",\"position\":4,\"name\":\"Peace concepts\",\"item\":\"https:\\\/\\\/academy.grainesdepaix.org\\\/en\\\/category-ressources\\\/peace-concepts\\\/\"},{\"@type\":\"ListItem\",\"position\":5,\"name\":\"Nos constats\"}]},{\"@type\":\"WebSite\",\"@id\":\"https:\\\/\\\/academy.grainesdepaix.org\\\/en\\\/#website\",\"url\":\"https:\\\/\\\/academy.grainesdepaix.org\\\/en\\\/\",\"name\":\"Academy Fondation Graines de Paix\",\"description\":\"Un site utilisant WordPress\",\"potentialAction\":[{\"@type\":\"SearchAction\",\"target\":{\"@type\":\"EntryPoint\",\"urlTemplate\":\"https:\\\/\\\/academy.grainesdepaix.org\\\/en\\\/?s={search_term_string}\"},\"query-input\":{\"@type\":\"PropertyValueSpecification\",\"valueRequired\":true,\"valueName\":\"search_term_string\"}}],\"inLanguage\":\"en-US\"}]}<\/script>\n<!-- \/ Yoast SEO plugin. -->","yoast_head_json":{"title":"Nos constats - Academy Fondation Graines de Paix","robots":{"index":"index","follow":"follow","max-snippet":"max-snippet:-1","max-image-preview":"max-image-preview:large","max-video-preview":"max-video-preview:-1"},"canonical":"https:\/\/academy.grainesdepaix.org\/en\/ressources\/nos-constats\/","og_locale":"en_US","og_type":"article","og_title":"Nos constats - Academy Fondation Graines de Paix","og_description":"Les faits n\u00e9gatifs Malgr\u00e9 tous les efforts d\u00e9ploy\u00e9s par certains gouvernements, instances religieuses, ONG, groupements motiv\u00e9s, acteurs, chanteurs, et auteurs,\u00a0les [&hellip;]","og_url":"https:\/\/academy.grainesdepaix.org\/en\/ressources\/nos-constats\/","og_site_name":"Academy Fondation Graines de Paix","article_modified_time":"2026-09-01T15:02:04+00:00","twitter_card":"summary_large_image","twitter_misc":{"Est. reading time":"3 minutes"},"schema":{"@context":"https:\/\/schema.org","@graph":[{"@type":"WebPage","@id":"https:\/\/academy.grainesdepaix.org\/en\/ressources\/nos-constats\/","url":"https:\/\/academy.grainesdepaix.org\/en\/ressources\/nos-constats\/","name":"Nos constats - Academy Fondation Graines de Paix","isPartOf":{"@id":"https:\/\/academy.grainesdepaix.org\/en\/#website"},"datePublished":"2026-09-01T15:01:17+00:00","dateModified":"2026-09-01T15:02:04+00:00","breadcrumb":{"@id":"https:\/\/academy.grainesdepaix.org\/en\/ressources\/nos-constats\/#breadcrumb"},"inLanguage":"en-US","potentialAction":[{"@type":"ReadAction","target":["https:\/\/academy.grainesdepaix.org\/en\/ressources\/nos-constats\/"]}]},{"@type":"BreadcrumbList","@id":"https:\/\/academy.grainesdepaix.org\/en\/ressources\/nos-constats\/#breadcrumb","itemListElement":[{"@type":"ListItem","position":1,"name":"Home","item":"https:\/\/academy.grainesdepaix.org\/en\/"},{"@type":"ListItem","position":2,"name":"Ressources","item":"https:\/\/academy.grainesdepaix.org\/en\/ressources\/"},{"@type":"ListItem","position":3,"name":"Get inspired","item":"https:\/\/academy.grainesdepaix.org\/en\/category-ressources\/get-inspired\/"},{"@type":"ListItem","position":4,"name":"Peace concepts","item":"https:\/\/academy.grainesdepaix.org\/en\/category-ressources\/peace-concepts\/"},{"@type":"ListItem","position":5,"name":"Nos constats"}]},{"@type":"WebSite","@id":"https:\/\/academy.grainesdepaix.org\/en\/#website","url":"https:\/\/academy.grainesdepaix.org\/en\/","name":"Academy Fondation Graines de Paix","description":"Un site utilisant WordPress","potentialAction":[{"@type":"SearchAction","target":{"@type":"EntryPoint","urlTemplate":"https:\/\/academy.grainesdepaix.org\/en\/?s={search_term_string}"},"query-input":{"@type":"PropertyValueSpecification","valueRequired":true,"valueName":"search_term_string"}}],"inLanguage":"en-US"}]}},"_links":{"self":[{"href":"https:\/\/academy.grainesdepaix.org\/en\/wp-json\/wp\/v2\/ressource\/11127","targetHints":{"allow":["GET"]}}],"collection":[{"href":"https:\/\/academy.grainesdepaix.org\/en\/wp-json\/wp\/v2\/ressource"}],"about":[{"href":"https:\/\/academy.grainesdepaix.org\/en\/wp-json\/wp\/v2\/types\/ressource"}],"version-history":[{"count":2,"href":"https:\/\/academy.grainesdepaix.org\/en\/wp-json\/wp\/v2\/ressource\/11127\/revisions"}],"predecessor-version":[{"id":11129,"href":"https:\/\/academy.grainesdepaix.org\/en\/wp-json\/wp\/v2\/ressource\/11127\/revisions\/11129"}],"wp:attachment":[{"href":"https:\/\/academy.grainesdepaix.org\/en\/wp-json\/wp\/v2\/media?parent=11127"}],"wp:term":[{"taxonomy":"post_tag","embeddable":true,"href":"https:\/\/academy.grainesdepaix.org\/en\/wp-json\/wp\/v2\/tags?post=11127"},{"taxonomy":"ressources-theme","embeddable":true,"href":"https:\/\/academy.grainesdepaix.org\/en\/wp-json\/wp\/v2\/ressources-theme?post=11127"},{"taxonomy":"category-ressources","embeddable":true,"href":"https:\/\/academy.grainesdepaix.org\/en\/wp-json\/wp\/v2\/category-ressources?post=11127"}],"curies":[{"name":"wp","href":"https:\/\/api.w.org\/{rel}","templated":true}]}}

<h2 class="wp-block-heading">Les faits négatifs</h2>



<p class="wp-block-paragraph">Malgré tous les efforts déployés par certains gouvernements, instances religieuses, ONG, groupements motivés, acteurs, chanteurs, et auteurs, les constats sont sombres :</p>



<h3 class="wp-block-heading has-global-primary-color has-text-color has-link-color wp-elements-9aca5f74f4a3d3aa19b5102f5e3e9938">1. La violence redevient omniprésente au 21ème siècle</h3>



<ul class="wp-block-list">
<li><strong>Violence géopolitique:</strong><br>Morts, amputés et blessés graves, orphelins<br>Destruction de l&#8217;habitat, des infrastructures, des écoles.<br>Pollution extrême (air, terre, eaux).</li>



<li><strong>Violence physique, psychologique, morale, sexuelle</strong>:<br>Trop de violences sont encore commises aujourd&#8217;hui au sein de la famille, du couple, à l&#8217;école, entre collègues, entre bandes, et plus généralement contre ceux qu&#8217;on n&#8217;accepte pas ou qu&#8217;on ne respecte pas.</li>



<li><strong>Violence religieuse et ethnique</strong><br>Généralement fomentée par des puissances extérieures, mais sans prise de conscience nette par les populations, manipulées.</li>
</ul>



<h3 class="wp-block-heading has-global-primary-color has-text-color has-link-color wp-elements-7bfda6a6535b0856c52fca36d044bece">2. L&#8217;insatisfaction extrême prend des proportions dangereuses</h3>



<p class="wp-block-paragraph">La marée de répliques agressives, de jugements trop hâtifs, de paroles haineuses, de meurtres, sont un signal d&#8217;alerte des sentiments très forts d&#8217;injustice et de mise à l&#8217;écart, menant à des révoltes manipulables.</p>



<h3 class="wp-block-heading has-global-primary-color has-text-color has-link-color wp-elements-6a079c27e0840d5a3c0b6ab0ec7540c5">3. La transmission de valeurs humaines ne se fait pas ou si peu</h3>



<ul class="wp-block-list">
<li>Les gouvernants, les systèmes scolaires, de nombreux acteurs sociaux et religieux ne s&#8217;expriment pas clairement sur le caractère <em>inacceptable </em>de la violence<em>, </em>des violences de toutes formes. La répression n&#8217;est pas une transmission de valeurs humaines.</li>



<li>Des personnes de cultures différentes persistent à percevoir les autres cultures comme immuablement néfastes – sans entente possible sur le plan des valeurs humaines &#8211; dévalorisant par-là même les valeurs suprêmes de leur propre culture.</li>
</ul>



<hr class="wp-block-separator has-alpha-channel-opacity is-style-wide"/>



<h2 class="wp-block-heading">Pourtant &#8211; sur le plan positif :</h2>



<h3 class="wp-block-heading has-global-primary-color has-text-color has-link-color wp-elements-447a217c460f9eba91fee6aff3e50bc7">1. De nombreux textes officiels régissent le vivre-ensemble :</h3>



<ul class="wp-block-list">
<li>Depuis 1945, de plus en plus de constitutions et de conventions instituent désormais le droit à la vie, le droit à la paix, les droits humains, les droits des enfants, le rôle des femmes dans les processus de paix, la limitation d&#8217;armes et des mines antipersonnelles, les droits des minorités et des migrants, la suppression de la peine de mort, les mesures en faveur du développement durable, etc. Tous ces accomplissements étaient difficilement réalisables avant le 20e siècle.<br><em>Mais vont-elles pouvoir jouer leur rôle au 21e siècle?</em></li>
</ul>



<h3 class="wp-block-heading has-global-primary-color has-text-color has-link-color wp-elements-fc4dd4298bed4ef9b0100f04575ffcfd">2. La société civile s&#8217;engage et influence :</h3>



<ul class="wp-block-list">
<li>Nombre de femmes et d&#8217;hommes de par le monde, obtiennent gain de cause grâce à des approches non-violentes, et se mobilisent pour œuvrer pour un climat de paix</li>



<li>De nombreuses initiatives privées existent désormais pour proposer des alternatives à la violence, avec des idées, des définitions nouvelles, des méthodes, des conférences et des cours. Cette évolution positive est faite de multiples initiatives à tous niveaux.<br>​<em>Cependant, ces acquis sont des plus fragiles au 21e siècle et requièrent le soutien plus large de ceux qui se limitent aux critiques afin de ne pas soudain disparaître.</em></li>
</ul>



<h3 class="wp-block-heading has-global-primary-color has-text-color has-link-color wp-elements-bbaa463415a00234a3698962bdbff057">3. Des systèmes scolaires réagissent</h3>



<p class="wp-block-paragraph">Face aux violences entre élèves et aux lacunes de civilité, certains systèmes scolaires évoluent pour introduire des outils de prévention des violences et recréer un mieux vivre ensemble. D&#8217;autres vont plus loin en introduisant des compétences émotionnelles et sociales. D&#8217;autres encore cherchent à introduire un ensemble complet de compétences de vie qui deviennent aussi des compétences de paix.<br><em>Cependant, ces efforts ne pourront porter leurs fruits qu&#8217;en accordant le temps requis pour dépasser les résistances et transformer les attitudes et comportements.</em></p>

<p>Les faits négatifs Malgré tous les efforts déployés par certains gouvernements, instances religieuses, ONG, groupements motivés, acteurs, chanteurs, et auteurs, les [&hellip;]</p>

<!-- This site is optimized with the Yoast SEO plugin v28.2 - https://yoast.com/product/yoast-seo-wordpress/ -->
<title>Nos constats - Academy Fondation Graines de Paix</title>
<meta name="robots" content="index, follow, max-snippet:-1, max-image-preview:large, max-video-preview:-1" />
<link rel="canonical" href="https://academy.grainesdepaix.org/en/ressources/nos-constats/" />
<meta property="og:locale" content="en_US" />
<meta property="og:type" content="article" />
<meta property="og:title" content="Nos constats - Academy Fondation Graines de Paix" />
<meta property="og:description" content="Les faits négatifs Malgré tous les efforts déployés par certains gouvernements, instances religieuses, ONG, groupements motivés, acteurs, chanteurs, et auteurs, les [&hellip;]" />
<meta property="og:url" content="https://academy.grainesdepaix.org/en/ressources/nos-constats/" />
<meta property="og:site_name" content="Academy Fondation Graines de Paix" />
<meta property="article:modified_time" content="2026-09-01T15:02:04+00:00" />
<meta name="twitter:card" content="summary_large_image" />
<meta name="twitter:label1" content="Est. reading time" />
	<meta name="twitter:data1" content="3 minutes" />
<script type="application/ld+json" class="yoast-schema-graph">{"@context":"https:\/\/schema.org","@graph":[{"@type":"WebPage","@id":"https:\/\/academy.grainesdepaix.org\/en\/ressources\/nos-constats\/","url":"https:\/\/academy.grainesdepaix.org\/en\/ressources\/nos-constats\/","name":"Nos constats - Academy Fondation Graines de Paix","isPartOf":{"@id":"https:\/\/academy.grainesdepaix.org\/en\/#website"},"datePublished":"2026-09-01T15:01:17+00:00","dateModified":"2026-09-01T15:02:04+00:00","breadcrumb":{"@id":"https:\/\/academy.grainesdepaix.org\/en\/ressources\/nos-constats\/#breadcrumb"},"inLanguage":"en-US","potentialAction":[{"@type":"ReadAction","target":["https:\/\/academy.grainesdepaix.org\/en\/ressources\/nos-constats\/"]}]},{"@type":"BreadcrumbList","@id":"https:\/\/academy.grainesdepaix.org\/en\/ressources\/nos-constats\/#breadcrumb","itemListElement":[{"@type":"ListItem","position":1,"name":"Home","item":"https:\/\/academy.grainesdepaix.org\/en\/"},{"@type":"ListItem","position":2,"name":"Ressources","item":"https:\/\/academy.grainesdepaix.org\/en\/ressources\/"},{"@type":"ListItem","position":3,"name":"Get inspired","item":"https:\/\/academy.grainesdepaix.org\/en\/category-ressources\/get-inspired\/"},{"@type":"ListItem","position":4,"name":"Peace concepts","item":"https:\/\/academy.grainesdepaix.org\/en\/category-ressources\/peace-concepts\/"},{"@type":"ListItem","position":5,"name":"Nos constats"}]},{"@type":"WebSite","@id":"https:\/\/academy.grainesdepaix.org\/en\/#website","url":"https:\/\/academy.grainesdepaix.org\/en\/","name":"Academy Fondation Graines de Paix","description":"Un site utilisant WordPress","potentialAction":[{"@type":"SearchAction","target":{"@type":"EntryPoint","urlTemplate":"https:\/\/academy.grainesdepaix.org\/en\/?s={search_term_string}"},"query-input":{"@type":"PropertyValueSpecification","valueRequired":true,"valueName":"search_term_string"}}],"inLanguage":"en-US"}]}</script>
<!-- / Yoast SEO plugin. -->

Les faits négatifs Malgré tous les efforts déployés par certains gouvernements, instances religieuses, ONG, groupements motivés, acteurs, chanteurs, et auteurs, les [&hellip;]
