{"id":11131,"date":"2026-09-01T17:11:08","date_gmt":"2026-09-01T15:11:08","guid":{"rendered":"https:\/\/academy.grainesdepaix.org\/?post_type=ressource&#038;p=11131"},"modified":"2026-09-01T17:13:30","modified_gmt":"2026-09-01T15:13:30","slug":"comment-definir-la-paix-2","status":"publish","type":"ressource","link":"https:\/\/academy.grainesdepaix.org\/en\/ressources\/comment-definir-la-paix-2\/","title":{"rendered":"Comment d\u00e9finir la paix"},"content":{"rendered":"\n<p class=\"wp-block-paragraph\">La paix n&#8217;est pas l&#8217;absence de guerre, ni le contraire de la guerre. D\u00e9finir la paix comme l&#8217;absence de guerre r\u00e9duit la paix \u00e0 une vision vide, passive, incompl\u00e8te et lointaine. Le champ de la paix est bien plus vaste, car le champ de la violence est bien plus vaste que celui de la guerre. Mais la paix n&#8217;est pas non plus l&#8217;absence de violence, elle est le contraire de la violence. Ce n&#8217;est pas par le combat qu&#8217;on atteint la paix, mais en cultivant un \u00e9tat d&#8217;apaisement.<\/p>\n\n\n\n<p class=\"wp-block-paragraph\">La paix est une activit\u00e9, pas une passivit\u00e9. Elle est un engagement qui se pratique tous les jours dans toutes nos interactions. \u00catre un spectateur passif face aux interactions violentes des autres tue la paix. Rester passif envoie le mauvais signal. Cela autorise les violents \u00e0 augmenter la violence. C&#8217;est en formant un contrepoids, majoritaire, o\u00f9 la paix prime dans les interactions humaines, que l&#8217;on peut susciter une remise en cause des &#8220;violents&#8221; et les \u00e9veiller au meilleur d&#8217;eux-m\u00eames. En restant passif, on se d\u00e9solidarise de cet effort de contrepoids, on fait le choix de la violence des autres, m\u00eame si l&#8217;on est le plus doux des \u00eatres.<\/p>\n\n\n\n<p class=\"wp-block-paragraph\">La paix demande une combativit\u00e9 positive dans nos relations et tout autant face \u00e0 nos propres impulsions. Mais d\u00e9finir la paix comme le combat gagn\u00e9 de la raison contre les instincts est faux. Ce n&#8217;est pas non plus par le combat qu&#8217;on atteint la paix int\u00e9rieure, mais en cultivant un \u00e9tat int\u00e9rieur d&#8217;apaisement. A l&#8217;oppos\u00e9 d&#8217;un combat, c&#8217;est une relation \u00e0 construire; au niveau g\u00e9opolitique comme avec soi-m\u00eame et avec les autres. La raison ne suffit pas, il faut aussi le c\u0153ur.<\/p>\n\n\n\n<p class=\"wp-block-paragraph\">La paix est un tissage perp\u00e9tuel de relations chaleureuses de bon voisinage. Qu&#8217;elle soit g\u00e9opolitique ou interpersonnelle, la paix est bas\u00e9e sur les valeurs humaines et la cr\u00e9ativit\u00e9 des uns et des autres pour d\u00e9passer les difficult\u00e9s, les heurts et ses propres frustrations.<\/p>\n\n\n\n<p class=\"wp-block-paragraph\">La paix est une relation de bien-vivre ensemble, solide et durable, bas\u00e9e sur le respect, la s\u00e9r\u00e9nit\u00e9, la cordialit\u00e9 et la bonne intelligence entre humains et entre pays. Elle est fond\u00e9e autant sur l&#8217;expression du c\u0153ur que sur la raison. C&#8217;est par la chaleur humaine que l&#8217;on peut transcender la violence.<\/p>\n\n\n\n<p class=\"wp-block-paragraph\">La paix est un choix de vie o\u00f9 les interactions humaines se fondent sur des \u00e9lans d&#8217;humanit\u00e9 capables d&#8217;inverser les tendances \u00e0 la violence des puissants, des vindicatifs et des personnes en col\u00e8re, en touchant leur c\u0153ur et leur raison. Un choix de vie \u00e0 la fois individuel, collectif, \u00e9conomique et politique.<\/p>\n\n\n\n<p class=\"wp-block-paragraph\">Si la violence semble omnipr\u00e9sente, alors les champs de la paix sont omnipr\u00e9sents aussi. A nous de les cultiver.&#8221;<\/p>\n\n\n\n<p class=\"wp-block-paragraph\"><em>Delia Mamon, pour Graines de Paix, 6 mars 2007, retouch\u00e9e 2025.<\/em>\u200b<\/p>\n\n\n\n<p class=\"wp-block-paragraph\">NB: L&#8217;\u00e9volution de la d\u00e9finition des mots&nbsp;<em>paix<\/em>&nbsp;et&nbsp;<em>violence<\/em>&nbsp;fait l&#8217;objet de plusieurs \u00e9tudes scientifiques reconnues. Voir par exemple David Adams ou Johan Galtung dans &#8220;<a href=\"https:\/\/academy.grainesdepaix.org\/ressources-authors\/\">Auteurs<\/a>&#8221; sur ce site. La non-inh\u00e9rence de la violence est \u00e9galement abord\u00e9e par la D\u00e9claration de Luarca de 2006, discut\u00e9e \u00e0 l&#8217;ONU en 2008-9, pour introduire la demande d&#8217;\u00e9tablir le droit humain \u00e0 la paix.<\/p>\n\n\n\n<p class=\"wp-block-paragraph\"><a href=\"https:\/\/academy.grainesdepaix.org\/wp-content\/uploads\/2026\/09\/Declaration-luarca-fr.pdf\" target=\"_blank\" rel=\"noreferrer noopener\">D\u00e9claration LUARCA.pdf\u00a0<\/a><\/p>\n\n\n\n<p class=\"wp-block-paragraph\"><\/p>\n","protected":false},"excerpt":{"rendered":"<p>La paix n&#8217;est pas l&#8217;absence de guerre, ni le contraire de la guerre. D\u00e9finir la paix comme l&#8217;absence de guerre [&hellip;]<\/p>\n","protected":false},"featured_media":0,"template":"","tags":[],"ressources-theme":[],"category-ressources":[105,93],"class_list":["post-11131","ressource","type-ressource","status-publish","hentry","category-ressources-concepts-de-paix","category-ressources-sinspirer"],"acf":[],"yoast_head":"<!-- This site is optimized with the Yoast SEO plugin v28.2 - https:\/\/yoast.com\/product\/yoast-seo-wordpress\/ -->\n<title>Comment d\u00e9finir la paix - Academy Fondation Graines de Paix<\/title>\n<meta name=\"robots\" content=\"index, follow, max-snippet:-1, max-image-preview:large, max-video-preview:-1\" \/>\n<link rel=\"canonical\" href=\"https:\/\/academy.grainesdepaix.org\/en\/ressources\/comment-definir-la-paix-2\/\" \/>\n<meta property=\"og:locale\" content=\"en_US\" \/>\n<meta property=\"og:type\" content=\"article\" \/>\n<meta property=\"og:title\" content=\"Comment d\u00e9finir la paix - Academy Fondation Graines de Paix\" \/>\n<meta property=\"og:description\" content=\"La paix n&#8217;est pas l&#8217;absence de guerre, ni le contraire de la guerre. D\u00e9finir la paix comme l&#8217;absence de guerre [&hellip;]\" \/>\n<meta property=\"og:url\" content=\"https:\/\/academy.grainesdepaix.org\/en\/ressources\/comment-definir-la-paix-2\/\" \/>\n<meta property=\"og:site_name\" content=\"Academy Fondation Graines de Paix\" \/>\n<meta property=\"article:modified_time\" content=\"2026-09-01T15:13:30+00:00\" \/>\n<meta name=\"twitter:card\" content=\"summary_large_image\" \/>\n<meta name=\"twitter:label1\" content=\"Est. reading time\" \/>\n\t<meta name=\"twitter:data1\" content=\"3 minutes\" \/>\n<script type=\"application\/ld+json\" class=\"yoast-schema-graph\">{\"@context\":\"https:\\\/\\\/schema.org\",\"@graph\":[{\"@type\":\"WebPage\",\"@id\":\"https:\\\/\\\/academy.grainesdepaix.org\\\/en\\\/ressources\\\/comment-definir-la-paix-2\\\/\",\"url\":\"https:\\\/\\\/academy.grainesdepaix.org\\\/en\\\/ressources\\\/comment-definir-la-paix-2\\\/\",\"name\":\"Comment d\u00e9finir la paix - Academy Fondation Graines de Paix\",\"isPartOf\":{\"@id\":\"https:\\\/\\\/academy.grainesdepaix.org\\\/en\\\/#website\"},\"datePublished\":\"2026-09-01T15:11:08+00:00\",\"dateModified\":\"2026-09-01T15:13:30+00:00\",\"breadcrumb\":{\"@id\":\"https:\\\/\\\/academy.grainesdepaix.org\\\/en\\\/ressources\\\/comment-definir-la-paix-2\\\/#breadcrumb\"},\"inLanguage\":\"en-US\",\"potentialAction\":[{\"@type\":\"ReadAction\",\"target\":[\"https:\\\/\\\/academy.grainesdepaix.org\\\/en\\\/ressources\\\/comment-definir-la-paix-2\\\/\"]}]},{\"@type\":\"BreadcrumbList\",\"@id\":\"https:\\\/\\\/academy.grainesdepaix.org\\\/en\\\/ressources\\\/comment-definir-la-paix-2\\\/#breadcrumb\",\"itemListElement\":[{\"@type\":\"ListItem\",\"position\":1,\"name\":\"Home\",\"item\":\"https:\\\/\\\/academy.grainesdepaix.org\\\/en\\\/\"},{\"@type\":\"ListItem\",\"position\":2,\"name\":\"Ressources\",\"item\":\"https:\\\/\\\/academy.grainesdepaix.org\\\/en\\\/ressources\\\/\"},{\"@type\":\"ListItem\",\"position\":3,\"name\":\"Get inspired\",\"item\":\"https:\\\/\\\/academy.grainesdepaix.org\\\/en\\\/category-ressources\\\/get-inspired\\\/\"},{\"@type\":\"ListItem\",\"position\":4,\"name\":\"Peace concepts\",\"item\":\"https:\\\/\\\/academy.grainesdepaix.org\\\/en\\\/category-ressources\\\/peace-concepts\\\/\"},{\"@type\":\"ListItem\",\"position\":5,\"name\":\"Comment d\u00e9finir la paix\"}]},{\"@type\":\"WebSite\",\"@id\":\"https:\\\/\\\/academy.grainesdepaix.org\\\/en\\\/#website\",\"url\":\"https:\\\/\\\/academy.grainesdepaix.org\\\/en\\\/\",\"name\":\"Academy Fondation Graines de Paix\",\"description\":\"Un site utilisant WordPress\",\"potentialAction\":[{\"@type\":\"SearchAction\",\"target\":{\"@type\":\"EntryPoint\",\"urlTemplate\":\"https:\\\/\\\/academy.grainesdepaix.org\\\/en\\\/?s={search_term_string}\"},\"query-input\":{\"@type\":\"PropertyValueSpecification\",\"valueRequired\":true,\"valueName\":\"search_term_string\"}}],\"inLanguage\":\"en-US\"}]}<\/script>\n<!-- \/ Yoast SEO plugin. -->","yoast_head_json":{"title":"Comment d\u00e9finir la paix - Academy Fondation Graines de Paix","robots":{"index":"index","follow":"follow","max-snippet":"max-snippet:-1","max-image-preview":"max-image-preview:large","max-video-preview":"max-video-preview:-1"},"canonical":"https:\/\/academy.grainesdepaix.org\/en\/ressources\/comment-definir-la-paix-2\/","og_locale":"en_US","og_type":"article","og_title":"Comment d\u00e9finir la paix - Academy Fondation Graines de Paix","og_description":"La paix n&#8217;est pas l&#8217;absence de guerre, ni le contraire de la guerre. D\u00e9finir la paix comme l&#8217;absence de guerre [&hellip;]","og_url":"https:\/\/academy.grainesdepaix.org\/en\/ressources\/comment-definir-la-paix-2\/","og_site_name":"Academy Fondation Graines de Paix","article_modified_time":"2026-09-01T15:13:30+00:00","twitter_card":"summary_large_image","twitter_misc":{"Est. reading time":"3 minutes"},"schema":{"@context":"https:\/\/schema.org","@graph":[{"@type":"WebPage","@id":"https:\/\/academy.grainesdepaix.org\/en\/ressources\/comment-definir-la-paix-2\/","url":"https:\/\/academy.grainesdepaix.org\/en\/ressources\/comment-definir-la-paix-2\/","name":"Comment d\u00e9finir la paix - Academy Fondation Graines de Paix","isPartOf":{"@id":"https:\/\/academy.grainesdepaix.org\/en\/#website"},"datePublished":"2026-09-01T15:11:08+00:00","dateModified":"2026-09-01T15:13:30+00:00","breadcrumb":{"@id":"https:\/\/academy.grainesdepaix.org\/en\/ressources\/comment-definir-la-paix-2\/#breadcrumb"},"inLanguage":"en-US","potentialAction":[{"@type":"ReadAction","target":["https:\/\/academy.grainesdepaix.org\/en\/ressources\/comment-definir-la-paix-2\/"]}]},{"@type":"BreadcrumbList","@id":"https:\/\/academy.grainesdepaix.org\/en\/ressources\/comment-definir-la-paix-2\/#breadcrumb","itemListElement":[{"@type":"ListItem","position":1,"name":"Home","item":"https:\/\/academy.grainesdepaix.org\/en\/"},{"@type":"ListItem","position":2,"name":"Ressources","item":"https:\/\/academy.grainesdepaix.org\/en\/ressources\/"},{"@type":"ListItem","position":3,"name":"Get inspired","item":"https:\/\/academy.grainesdepaix.org\/en\/category-ressources\/get-inspired\/"},{"@type":"ListItem","position":4,"name":"Peace concepts","item":"https:\/\/academy.grainesdepaix.org\/en\/category-ressources\/peace-concepts\/"},{"@type":"ListItem","position":5,"name":"Comment d\u00e9finir la paix"}]},{"@type":"WebSite","@id":"https:\/\/academy.grainesdepaix.org\/en\/#website","url":"https:\/\/academy.grainesdepaix.org\/en\/","name":"Academy Fondation Graines de Paix","description":"Un site utilisant WordPress","potentialAction":[{"@type":"SearchAction","target":{"@type":"EntryPoint","urlTemplate":"https:\/\/academy.grainesdepaix.org\/en\/?s={search_term_string}"},"query-input":{"@type":"PropertyValueSpecification","valueRequired":true,"valueName":"search_term_string"}}],"inLanguage":"en-US"}]}},"_links":{"self":[{"href":"https:\/\/academy.grainesdepaix.org\/en\/wp-json\/wp\/v2\/ressource\/11131","targetHints":{"allow":["GET"]}}],"collection":[{"href":"https:\/\/academy.grainesdepaix.org\/en\/wp-json\/wp\/v2\/ressource"}],"about":[{"href":"https:\/\/academy.grainesdepaix.org\/en\/wp-json\/wp\/v2\/types\/ressource"}],"version-history":[{"count":2,"href":"https:\/\/academy.grainesdepaix.org\/en\/wp-json\/wp\/v2\/ressource\/11131\/revisions"}],"predecessor-version":[{"id":11135,"href":"https:\/\/academy.grainesdepaix.org\/en\/wp-json\/wp\/v2\/ressource\/11131\/revisions\/11135"}],"wp:attachment":[{"href":"https:\/\/academy.grainesdepaix.org\/en\/wp-json\/wp\/v2\/media?parent=11131"}],"wp:term":[{"taxonomy":"post_tag","embeddable":true,"href":"https:\/\/academy.grainesdepaix.org\/en\/wp-json\/wp\/v2\/tags?post=11131"},{"taxonomy":"ressources-theme","embeddable":true,"href":"https:\/\/academy.grainesdepaix.org\/en\/wp-json\/wp\/v2\/ressources-theme?post=11131"},{"taxonomy":"category-ressources","embeddable":true,"href":"https:\/\/academy.grainesdepaix.org\/en\/wp-json\/wp\/v2\/category-ressources?post=11131"}],"curies":[{"name":"wp","href":"https:\/\/api.w.org\/{rel}","templated":true}]}}

Comment définir la paix

<p class="wp-block-paragraph">La paix n&#8217;est pas l&#8217;absence de guerre, ni le contraire de la guerre. Définir la paix comme l&#8217;absence de guerre réduit la paix à une vision vide, passive, incomplète et lointaine. Le champ de la paix est bien plus vaste, car le champ de la violence est bien plus vaste que celui de la guerre. Mais la paix n&#8217;est pas non plus l&#8217;absence de violence, elle est le contraire de la violence. Ce n&#8217;est pas par le combat qu&#8217;on atteint la paix, mais en cultivant un état d&#8217;apaisement.</p>



<p class="wp-block-paragraph">La paix est une activité, pas une passivité. Elle est un engagement qui se pratique tous les jours dans toutes nos interactions. Être un spectateur passif face aux interactions violentes des autres tue la paix. Rester passif envoie le mauvais signal. Cela autorise les violents à augmenter la violence. C&#8217;est en formant un contrepoids, majoritaire, où la paix prime dans les interactions humaines, que l&#8217;on peut susciter une remise en cause des &#8220;violents&#8221; et les éveiller au meilleur d&#8217;eux-mêmes. En restant passif, on se désolidarise de cet effort de contrepoids, on fait le choix de la violence des autres, même si l&#8217;on est le plus doux des êtres.</p>



<p class="wp-block-paragraph">La paix demande une combativité positive dans nos relations et tout autant face à nos propres impulsions. Mais définir la paix comme le combat gagné de la raison contre les instincts est faux. Ce n&#8217;est pas non plus par le combat qu&#8217;on atteint la paix intérieure, mais en cultivant un état intérieur d&#8217;apaisement. A l&#8217;opposé d&#8217;un combat, c&#8217;est une relation à construire; au niveau géopolitique comme avec soi-même et avec les autres. La raison ne suffit pas, il faut aussi le cœur.</p>



<p class="wp-block-paragraph">La paix est un tissage perpétuel de relations chaleureuses de bon voisinage. Qu&#8217;elle soit géopolitique ou interpersonnelle, la paix est basée sur les valeurs humaines et la créativité des uns et des autres pour dépasser les difficultés, les heurts et ses propres frustrations.</p>



<p class="wp-block-paragraph">La paix est une relation de bien-vivre ensemble, solide et durable, basée sur le respect, la sérénité, la cordialité et la bonne intelligence entre humains et entre pays. Elle est fondée autant sur l&#8217;expression du cœur que sur la raison. C&#8217;est par la chaleur humaine que l&#8217;on peut transcender la violence.</p>



<p class="wp-block-paragraph">La paix est un choix de vie où les interactions humaines se fondent sur des élans d&#8217;humanité capables d&#8217;inverser les tendances à la violence des puissants, des vindicatifs et des personnes en colère, en touchant leur cœur et leur raison. Un choix de vie à la fois individuel, collectif, économique et politique.</p>



<p class="wp-block-paragraph">Si la violence semble omniprésente, alors les champs de la paix sont omniprésents aussi. A nous de les cultiver.&#8221;</p>



<p class="wp-block-paragraph"><em>Delia Mamon, pour Graines de Paix, 6 mars 2007, retouchée 2025.</em>​</p>



<p class="wp-block-paragraph">NB: L&#8217;évolution de la définition des mots&nbsp;<em>paix</em>&nbsp;et&nbsp;<em>violence</em>&nbsp;fait l&#8217;objet de plusieurs études scientifiques reconnues. Voir par exemple David Adams ou Johan Galtung dans &#8220;<a href="https://academy.grainesdepaix.org/ressources-authors/">Auteurs</a>&#8221; sur ce site. La non-inhérence de la violence est également abordée par la Déclaration de Luarca de 2006, discutée à l&#8217;ONU en 2008-9, pour introduire la demande d&#8217;établir le droit humain à la paix.</p>



<p class="wp-block-paragraph"><a href="https://academy.grainesdepaix.org/wp-content/uploads/2026/09/Declaration-luarca-fr.pdf" target="_blank" rel="noreferrer noopener">Déclaration LUARCA.pdf </a></p>



<p class="wp-block-paragraph"></p>

<p>La paix n&#8217;est pas l&#8217;absence de guerre, ni le contraire de la guerre. Définir la paix comme l&#8217;absence de guerre [&hellip;]</p>

<!-- This site is optimized with the Yoast SEO plugin v28.2 - https://yoast.com/product/yoast-seo-wordpress/ -->
<title>Comment définir la paix - Academy Fondation Graines de Paix</title>
<meta name="robots" content="index, follow, max-snippet:-1, max-image-preview:large, max-video-preview:-1" />
<link rel="canonical" href="https://academy.grainesdepaix.org/en/ressources/comment-definir-la-paix-2/" />
<meta property="og:locale" content="en_US" />
<meta property="og:type" content="article" />
<meta property="og:title" content="Comment définir la paix - Academy Fondation Graines de Paix" />
<meta property="og:description" content="La paix n&#8217;est pas l&#8217;absence de guerre, ni le contraire de la guerre. Définir la paix comme l&#8217;absence de guerre [&hellip;]" />
<meta property="og:url" content="https://academy.grainesdepaix.org/en/ressources/comment-definir-la-paix-2/" />
<meta property="og:site_name" content="Academy Fondation Graines de Paix" />
<meta property="article:modified_time" content="2026-09-01T15:13:30+00:00" />
<meta name="twitter:card" content="summary_large_image" />
<meta name="twitter:label1" content="Est. reading time" />
	<meta name="twitter:data1" content="3 minutes" />
<script type="application/ld+json" class="yoast-schema-graph">{"@context":"https:\/\/schema.org","@graph":[{"@type":"WebPage","@id":"https:\/\/academy.grainesdepaix.org\/en\/ressources\/comment-definir-la-paix-2\/","url":"https:\/\/academy.grainesdepaix.org\/en\/ressources\/comment-definir-la-paix-2\/","name":"Comment définir la paix - Academy Fondation Graines de Paix","isPartOf":{"@id":"https:\/\/academy.grainesdepaix.org\/en\/#website"},"datePublished":"2026-09-01T15:11:08+00:00","dateModified":"2026-09-01T15:13:30+00:00","breadcrumb":{"@id":"https:\/\/academy.grainesdepaix.org\/en\/ressources\/comment-definir-la-paix-2\/#breadcrumb"},"inLanguage":"en-US","potentialAction":[{"@type":"ReadAction","target":["https:\/\/academy.grainesdepaix.org\/en\/ressources\/comment-definir-la-paix-2\/"]}]},{"@type":"BreadcrumbList","@id":"https:\/\/academy.grainesdepaix.org\/en\/ressources\/comment-definir-la-paix-2\/#breadcrumb","itemListElement":[{"@type":"ListItem","position":1,"name":"Home","item":"https:\/\/academy.grainesdepaix.org\/en\/"},{"@type":"ListItem","position":2,"name":"Ressources","item":"https:\/\/academy.grainesdepaix.org\/en\/ressources\/"},{"@type":"ListItem","position":3,"name":"Get inspired","item":"https:\/\/academy.grainesdepaix.org\/en\/category-ressources\/get-inspired\/"},{"@type":"ListItem","position":4,"name":"Peace concepts","item":"https:\/\/academy.grainesdepaix.org\/en\/category-ressources\/peace-concepts\/"},{"@type":"ListItem","position":5,"name":"Comment définir la paix"}]},{"@type":"WebSite","@id":"https:\/\/academy.grainesdepaix.org\/en\/#website","url":"https:\/\/academy.grainesdepaix.org\/en\/","name":"Academy Fondation Graines de Paix","description":"Un site utilisant WordPress","potentialAction":[{"@type":"SearchAction","target":{"@type":"EntryPoint","urlTemplate":"https:\/\/academy.grainesdepaix.org\/en\/?s={search_term_string}"},"query-input":{"@type":"PropertyValueSpecification","valueRequired":true,"valueName":"search_term_string"}}],"inLanguage":"en-US"}]}</script>
<!-- / Yoast SEO plugin. -->

Comment définir la paix - Academy Fondation Graines de Paix

La paix n&#8217;est pas l&#8217;absence de guerre, ni le contraire de la guerre. Définir la paix comme l&#8217;absence de guerre [&hellip;]
