{"id":11137,"date":"2026-09-01T17:20:11","date_gmt":"2026-09-01T15:20:11","guid":{"rendered":"https:\/\/academy.grainesdepaix.org\/?post_type=ressource&#038;p=11137"},"modified":"2026-09-01T17:20:49","modified_gmt":"2026-09-01T15:20:49","slug":"cultures-religions-et-valeurs-humaines","status":"publish","type":"ressource","link":"https:\/\/academy.grainesdepaix.org\/en\/ressources\/cultures-religions-et-valeurs-humaines\/","title":{"rendered":"Cultures, religions et valeurs humaines"},"content":{"rendered":"\n<h2 class=\"wp-block-heading\">D\u00e9passer les sources de tension interculturelles<\/h2>\n\n\n\n<p class=\"wp-block-paragraph\">Les personnes d&#8217;une religion se m\u00e9fient parfois des autres religions, ou m\u00eame, les m\u00e9prisent. Cela arrive aussi \u00e0 l&#8217;int\u00e9rieur d&#8217;une m\u00eame religion. Face \u00e0 des personnes qui n&#8217;ont pas la foi religieuse, cette m\u00e9fiance ou ce m\u00e9pris peuvent devenir encore plus forts. De m\u00eame, les personnes peu attach\u00e9es \u00e0 une religion se m\u00e9fient parfois des personnes croyantes pratiquantes, ou m\u00eame les m\u00e9prisent. Il en r\u00e9sulte parfois des frictions, des conflits ou pire, des violences. Et ce faisant, les personnes concern\u00e9es se retrouvent en contradiction avec leurs propres valeurs.<\/p>\n\n\n\n<p class=\"wp-block-paragraph\">Pourtant, si des personnes qui se croient si diff\u00e9rentes, culturellement ou sur le plan de la foi, d\u00e9passent leur m\u00e9fiance pour \u00e9changer sur les valeurs humaines de l\u2019une et de l\u2019autre, elles d\u00e9couvriront \u00e0 quel point des personnes si diff\u00e9rentes partagent et vivent des valeurs communes.<\/p>\n\n\n\n<hr class=\"wp-block-separator has-alpha-channel-opacity is-style-wide\"\/>\n\n\n\n<h2 class=\"wp-block-heading\">Les contradictions du communautarisme<\/h2>\n\n\n\n<p class=\"wp-block-paragraph\"><em>L&#8217;ouverture est une disposition positive qui rassure les uns et effraie les autres.<\/em><\/p>\n\n\n\n<p class=\"wp-block-paragraph\">Ceux qui font le choix d&#8217;un communautarisme le font pour se sentir appartenir \u00e0 un groupe uni, soud\u00e9 par un id\u00e9al, et pour se sentir plus en s\u00e9curit\u00e9. Mais dans les faits, les communautarismes renferm\u00e9s ou qui se renferment m\u00e8nent \u00e0 des r\u00e9sultats oppos\u00e9s&#8230;<\/p>\n\n\n\n<p class=\"wp-block-paragraph\">Plus des populations se r\u00e9fugient dans des communaut\u00e9s ferm\u00e9es, plus elles se m\u00e9fient des autres communaut\u00e9s. Vivre en vase clos dans une communaut\u00e9 aiguise ces sentiments de m\u00e9fiance, au point que progressivement, le monde ext\u00e9rieur devient une masse immense &#8220;d&#8217;ennemis&#8221;. Ce ph\u00e9nom\u00e8ne, \u00e0 son tour, accro\u00eet les risques de violence et d\u00e9multiplie le sentiment d&#8217;ins\u00e9curit\u00e9, puis la s\u00e9curit\u00e9 elle-m\u00eame.<\/p>\n\n\n\n<p class=\"wp-block-paragraph\">A l&#8217;inverse, ceux qui font le choix de l&#8217;ouverture \u00e0 tous, ressentent fortement l&#8217;unit\u00e9 de l&#8217;humanit\u00e9, ce qui les nourrit humainement et spirituellement, et ce qui accro\u00eet leur sentiment de s\u00e9curit\u00e9. Ils peuvent d\u00e9ambuler, \u00e9changer dans des environnements culturellement tr\u00e8s diff\u00e9rents sans se sentir en danger. Ceux qui vivent leur foi monoth\u00e9iste peuvent se sentir ainsi en harmonie avec l&#8217;unicit\u00e9 pr\u00e9conis\u00e9e et ceux qui n&#8217;ont pas la foi religieuse, mais plut\u00f4t une foi en l&#8217;humanit\u00e9, peuvent eux aussi, go\u00fbter \u00e0 l&#8217;harmonie lorsqu&#8217;une rencontre m\u00e8ne \u00e0 ce constat d&#8217;unicit\u00e9.<\/p>\n\n\n\n<hr class=\"wp-block-separator has-alpha-channel-opacity is-style-wide\"\/>\n\n\n\n<h2 class=\"wp-block-heading\">Les identit\u00e9s multiples<\/h2>\n\n\n\n<p class=\"wp-block-paragraph\">Concept cl\u00e9 du livre\u00a0<em>Les Identit\u00e9s meurtri\u00e8res<\/em>\u00a0d&#8217;Amin Maalouf, c&#8217;est aussi un concept cl\u00e9 des programmes de formation \u00e0 l&#8217;\u00e9ducation \u00e0 la paix de Graines de Paix. Nos racines sont multiples depuis les temps imm\u00e9moriaux. Des mouvements de migration du sud au nord, d&#8217;est en ouest, sur chaque continent, d\u00e9cennie apr\u00e8s d\u00e9cennie, font que si nous devions faire un test g\u00e9n\u00e9tique, nous serions surpris des r\u00e9sultats! Et c&#8217;est une bonne chose. Avoir conscience que nos identit\u00e9s sont multiples permet de mieux ressentir l&#8217;unit\u00e9 humaine et de tenir bon face aux pressions politiciennes visant des guerres identitaires.<\/p>\n\n\n\n<hr class=\"wp-block-separator has-alpha-channel-opacity is-style-wide\"\/>\n\n\n\n<h2 class=\"wp-block-heading\">Dire non \u00e0 la violence politique pour motif religieux ou spirituel<\/h2>\n\n\n\n<p class=\"wp-block-paragraph\">Pour vous inspirer, nous vous invitons :<\/p>\n\n\n\n<ol class=\"wp-block-list\">\n<li>\u00e0 lire nos citations sur le th\u00e8me &#8220;<a href=\"https:\/\/academy.grainesdepaix.org\/ressources-educatives\/ressources-themes\/\" target=\"_blank\" rel=\"noreferrer noopener\">religion et paix<\/a>&#8220;.<\/li>\n\n\n\n<li>\u00e0 lire et signer\u00a0<a href=\"https:\/\/academy.grainesdepaix.org\/ressources\/lappel-spirituel-de-geneve\/\" target=\"_blank\" rel=\"noreferrer noopener\">L&#8217;Appel spirituel de Gen\u00e8ve<\/a>.<\/li>\n<\/ol>\n\n\n\n<p class=\"wp-block-paragraph\"><\/p>\n","protected":false},"excerpt":{"rendered":"<p>D\u00e9passer les sources de tension interculturelles Les personnes d&#8217;une religion se m\u00e9fient parfois des autres religions, ou m\u00eame, les m\u00e9prisent. [&hellip;]<\/p>\n","protected":false},"featured_media":0,"template":"","tags":[],"ressources-theme":[],"category-ressources":[105,93],"class_list":["post-11137","ressource","type-ressource","status-publish","hentry","category-ressources-concepts-de-paix","category-ressources-sinspirer"],"acf":[],"yoast_head":"<!-- This site is optimized with the Yoast SEO plugin v28.2 - https:\/\/yoast.com\/product\/yoast-seo-wordpress\/ -->\n<title>Cultures, religions et valeurs humaines - Academy Fondation Graines de Paix<\/title>\n<meta name=\"robots\" content=\"index, follow, max-snippet:-1, max-image-preview:large, max-video-preview:-1\" \/>\n<link rel=\"canonical\" href=\"https:\/\/academy.grainesdepaix.org\/en\/ressources\/cultures-religions-et-valeurs-humaines\/\" \/>\n<meta property=\"og:locale\" content=\"en_US\" \/>\n<meta property=\"og:type\" content=\"article\" \/>\n<meta property=\"og:title\" content=\"Cultures, religions et valeurs humaines - Academy Fondation Graines de Paix\" \/>\n<meta property=\"og:description\" content=\"D\u00e9passer les sources de tension interculturelles Les personnes d&#8217;une religion se m\u00e9fient parfois des autres religions, ou m\u00eame, les m\u00e9prisent. [&hellip;]\" \/>\n<meta property=\"og:url\" content=\"https:\/\/academy.grainesdepaix.org\/en\/ressources\/cultures-religions-et-valeurs-humaines\/\" \/>\n<meta property=\"og:site_name\" content=\"Academy Fondation Graines de Paix\" \/>\n<meta property=\"article:modified_time\" content=\"2026-09-01T15:20:49+00:00\" \/>\n<meta name=\"twitter:card\" content=\"summary_large_image\" \/>\n<meta name=\"twitter:label1\" content=\"Est. reading time\" \/>\n\t<meta name=\"twitter:data1\" content=\"3 minutes\" \/>\n<script type=\"application\/ld+json\" class=\"yoast-schema-graph\">{\"@context\":\"https:\\\/\\\/schema.org\",\"@graph\":[{\"@type\":\"WebPage\",\"@id\":\"https:\\\/\\\/academy.grainesdepaix.org\\\/en\\\/ressources\\\/cultures-religions-et-valeurs-humaines\\\/\",\"url\":\"https:\\\/\\\/academy.grainesdepaix.org\\\/en\\\/ressources\\\/cultures-religions-et-valeurs-humaines\\\/\",\"name\":\"Cultures, religions et valeurs humaines - Academy Fondation Graines de Paix\",\"isPartOf\":{\"@id\":\"https:\\\/\\\/academy.grainesdepaix.org\\\/en\\\/#website\"},\"datePublished\":\"2026-09-01T15:20:11+00:00\",\"dateModified\":\"2026-09-01T15:20:49+00:00\",\"breadcrumb\":{\"@id\":\"https:\\\/\\\/academy.grainesdepaix.org\\\/en\\\/ressources\\\/cultures-religions-et-valeurs-humaines\\\/#breadcrumb\"},\"inLanguage\":\"en-US\",\"potentialAction\":[{\"@type\":\"ReadAction\",\"target\":[\"https:\\\/\\\/academy.grainesdepaix.org\\\/en\\\/ressources\\\/cultures-religions-et-valeurs-humaines\\\/\"]}]},{\"@type\":\"BreadcrumbList\",\"@id\":\"https:\\\/\\\/academy.grainesdepaix.org\\\/en\\\/ressources\\\/cultures-religions-et-valeurs-humaines\\\/#breadcrumb\",\"itemListElement\":[{\"@type\":\"ListItem\",\"position\":1,\"name\":\"Home\",\"item\":\"https:\\\/\\\/academy.grainesdepaix.org\\\/en\\\/\"},{\"@type\":\"ListItem\",\"position\":2,\"name\":\"Ressources\",\"item\":\"https:\\\/\\\/academy.grainesdepaix.org\\\/en\\\/ressources\\\/\"},{\"@type\":\"ListItem\",\"position\":3,\"name\":\"Get inspired\",\"item\":\"https:\\\/\\\/academy.grainesdepaix.org\\\/en\\\/category-ressources\\\/get-inspired\\\/\"},{\"@type\":\"ListItem\",\"position\":4,\"name\":\"Peace concepts\",\"item\":\"https:\\\/\\\/academy.grainesdepaix.org\\\/en\\\/category-ressources\\\/peace-concepts\\\/\"},{\"@type\":\"ListItem\",\"position\":5,\"name\":\"Cultures, religions et valeurs humaines\"}]},{\"@type\":\"WebSite\",\"@id\":\"https:\\\/\\\/academy.grainesdepaix.org\\\/en\\\/#website\",\"url\":\"https:\\\/\\\/academy.grainesdepaix.org\\\/en\\\/\",\"name\":\"Academy Fondation Graines de Paix\",\"description\":\"Un site utilisant WordPress\",\"potentialAction\":[{\"@type\":\"SearchAction\",\"target\":{\"@type\":\"EntryPoint\",\"urlTemplate\":\"https:\\\/\\\/academy.grainesdepaix.org\\\/en\\\/?s={search_term_string}\"},\"query-input\":{\"@type\":\"PropertyValueSpecification\",\"valueRequired\":true,\"valueName\":\"search_term_string\"}}],\"inLanguage\":\"en-US\"}]}<\/script>\n<!-- \/ Yoast SEO plugin. -->","yoast_head_json":{"title":"Cultures, religions et valeurs humaines - Academy Fondation Graines de Paix","robots":{"index":"index","follow":"follow","max-snippet":"max-snippet:-1","max-image-preview":"max-image-preview:large","max-video-preview":"max-video-preview:-1"},"canonical":"https:\/\/academy.grainesdepaix.org\/en\/ressources\/cultures-religions-et-valeurs-humaines\/","og_locale":"en_US","og_type":"article","og_title":"Cultures, religions et valeurs humaines - Academy Fondation Graines de Paix","og_description":"D\u00e9passer les sources de tension interculturelles Les personnes d&#8217;une religion se m\u00e9fient parfois des autres religions, ou m\u00eame, les m\u00e9prisent. [&hellip;]","og_url":"https:\/\/academy.grainesdepaix.org\/en\/ressources\/cultures-religions-et-valeurs-humaines\/","og_site_name":"Academy Fondation Graines de Paix","article_modified_time":"2026-09-01T15:20:49+00:00","twitter_card":"summary_large_image","twitter_misc":{"Est. reading time":"3 minutes"},"schema":{"@context":"https:\/\/schema.org","@graph":[{"@type":"WebPage","@id":"https:\/\/academy.grainesdepaix.org\/en\/ressources\/cultures-religions-et-valeurs-humaines\/","url":"https:\/\/academy.grainesdepaix.org\/en\/ressources\/cultures-religions-et-valeurs-humaines\/","name":"Cultures, religions et valeurs humaines - Academy Fondation Graines de Paix","isPartOf":{"@id":"https:\/\/academy.grainesdepaix.org\/en\/#website"},"datePublished":"2026-09-01T15:20:11+00:00","dateModified":"2026-09-01T15:20:49+00:00","breadcrumb":{"@id":"https:\/\/academy.grainesdepaix.org\/en\/ressources\/cultures-religions-et-valeurs-humaines\/#breadcrumb"},"inLanguage":"en-US","potentialAction":[{"@type":"ReadAction","target":["https:\/\/academy.grainesdepaix.org\/en\/ressources\/cultures-religions-et-valeurs-humaines\/"]}]},{"@type":"BreadcrumbList","@id":"https:\/\/academy.grainesdepaix.org\/en\/ressources\/cultures-religions-et-valeurs-humaines\/#breadcrumb","itemListElement":[{"@type":"ListItem","position":1,"name":"Home","item":"https:\/\/academy.grainesdepaix.org\/en\/"},{"@type":"ListItem","position":2,"name":"Ressources","item":"https:\/\/academy.grainesdepaix.org\/en\/ressources\/"},{"@type":"ListItem","position":3,"name":"Get inspired","item":"https:\/\/academy.grainesdepaix.org\/en\/category-ressources\/get-inspired\/"},{"@type":"ListItem","position":4,"name":"Peace concepts","item":"https:\/\/academy.grainesdepaix.org\/en\/category-ressources\/peace-concepts\/"},{"@type":"ListItem","position":5,"name":"Cultures, religions et valeurs humaines"}]},{"@type":"WebSite","@id":"https:\/\/academy.grainesdepaix.org\/en\/#website","url":"https:\/\/academy.grainesdepaix.org\/en\/","name":"Academy Fondation Graines de Paix","description":"Un site utilisant WordPress","potentialAction":[{"@type":"SearchAction","target":{"@type":"EntryPoint","urlTemplate":"https:\/\/academy.grainesdepaix.org\/en\/?s={search_term_string}"},"query-input":{"@type":"PropertyValueSpecification","valueRequired":true,"valueName":"search_term_string"}}],"inLanguage":"en-US"}]}},"_links":{"self":[{"href":"https:\/\/academy.grainesdepaix.org\/en\/wp-json\/wp\/v2\/ressource\/11137","targetHints":{"allow":["GET"]}}],"collection":[{"href":"https:\/\/academy.grainesdepaix.org\/en\/wp-json\/wp\/v2\/ressource"}],"about":[{"href":"https:\/\/academy.grainesdepaix.org\/en\/wp-json\/wp\/v2\/types\/ressource"}],"version-history":[{"count":2,"href":"https:\/\/academy.grainesdepaix.org\/en\/wp-json\/wp\/v2\/ressource\/11137\/revisions"}],"predecessor-version":[{"id":11139,"href":"https:\/\/academy.grainesdepaix.org\/en\/wp-json\/wp\/v2\/ressource\/11137\/revisions\/11139"}],"wp:attachment":[{"href":"https:\/\/academy.grainesdepaix.org\/en\/wp-json\/wp\/v2\/media?parent=11137"}],"wp:term":[{"taxonomy":"post_tag","embeddable":true,"href":"https:\/\/academy.grainesdepaix.org\/en\/wp-json\/wp\/v2\/tags?post=11137"},{"taxonomy":"ressources-theme","embeddable":true,"href":"https:\/\/academy.grainesdepaix.org\/en\/wp-json\/wp\/v2\/ressources-theme?post=11137"},{"taxonomy":"category-ressources","embeddable":true,"href":"https:\/\/academy.grainesdepaix.org\/en\/wp-json\/wp\/v2\/category-ressources?post=11137"}],"curies":[{"name":"wp","href":"https:\/\/api.w.org\/{rel}","templated":true}]}}

<h2 class="wp-block-heading">Dépasser les sources de tension interculturelles</h2>



<p class="wp-block-paragraph">Les personnes d&#8217;une religion se méfient parfois des autres religions, ou même, les méprisent. Cela arrive aussi à l&#8217;intérieur d&#8217;une même religion. Face à des personnes qui n&#8217;ont pas la foi religieuse, cette méfiance ou ce mépris peuvent devenir encore plus forts. De même, les personnes peu attachées à une religion se méfient parfois des personnes croyantes pratiquantes, ou même les méprisent. Il en résulte parfois des frictions, des conflits ou pire, des violences. Et ce faisant, les personnes concernées se retrouvent en contradiction avec leurs propres valeurs.</p>



<p class="wp-block-paragraph">Pourtant, si des personnes qui se croient si différentes, culturellement ou sur le plan de la foi, dépassent leur méfiance pour échanger sur les valeurs humaines de l’une et de l’autre, elles découvriront à quel point des personnes si différentes partagent et vivent des valeurs communes.</p>



<hr class="wp-block-separator has-alpha-channel-opacity is-style-wide"/>



<h2 class="wp-block-heading">Les contradictions du communautarisme</h2>



<p class="wp-block-paragraph"><em>L&#8217;ouverture est une disposition positive qui rassure les uns et effraie les autres.</em></p>



<p class="wp-block-paragraph">Ceux qui font le choix d&#8217;un communautarisme le font pour se sentir appartenir à un groupe uni, soudé par un idéal, et pour se sentir plus en sécurité. Mais dans les faits, les communautarismes renfermés ou qui se renferment mènent à des résultats opposés&#8230;</p>



<p class="wp-block-paragraph">Plus des populations se réfugient dans des communautés fermées, plus elles se méfient des autres communautés. Vivre en vase clos dans une communauté aiguise ces sentiments de méfiance, au point que progressivement, le monde extérieur devient une masse immense &#8220;d&#8217;ennemis&#8221;. Ce phénomène, à son tour, accroît les risques de violence et démultiplie le sentiment d&#8217;insécurité, puis la sécurité elle-même.</p>



<p class="wp-block-paragraph">A l&#8217;inverse, ceux qui font le choix de l&#8217;ouverture à tous, ressentent fortement l&#8217;unité de l&#8217;humanité, ce qui les nourrit humainement et spirituellement, et ce qui accroît leur sentiment de sécurité. Ils peuvent déambuler, échanger dans des environnements culturellement très différents sans se sentir en danger. Ceux qui vivent leur foi monothéiste peuvent se sentir ainsi en harmonie avec l&#8217;unicité préconisée et ceux qui n&#8217;ont pas la foi religieuse, mais plutôt une foi en l&#8217;humanité, peuvent eux aussi, goûter à l&#8217;harmonie lorsqu&#8217;une rencontre mène à ce constat d&#8217;unicité.</p>



<hr class="wp-block-separator has-alpha-channel-opacity is-style-wide"/>



<h2 class="wp-block-heading">Les identités multiples</h2>



<p class="wp-block-paragraph">Concept clé du livre <em>Les Identités meurtrières</em> d&#8217;Amin Maalouf, c&#8217;est aussi un concept clé des programmes de formation à l&#8217;éducation à la paix de Graines de Paix. Nos racines sont multiples depuis les temps immémoriaux. Des mouvements de migration du sud au nord, d&#8217;est en ouest, sur chaque continent, décennie après décennie, font que si nous devions faire un test génétique, nous serions surpris des résultats! Et c&#8217;est une bonne chose. Avoir conscience que nos identités sont multiples permet de mieux ressentir l&#8217;unité humaine et de tenir bon face aux pressions politiciennes visant des guerres identitaires.</p>



<hr class="wp-block-separator has-alpha-channel-opacity is-style-wide"/>



<h2 class="wp-block-heading">Dire non à la violence politique pour motif religieux ou spirituel</h2>



<p class="wp-block-paragraph">Pour vous inspirer, nous vous invitons :</p>



<ol class="wp-block-list">
<li>à lire nos citations sur le thème &#8220;<a href="https://academy.grainesdepaix.org/ressources-educatives/ressources-themes/" target="_blank" rel="noreferrer noopener">religion et paix</a>&#8220;.</li>



<li>à lire et signer <a href="https://academy.grainesdepaix.org/ressources/lappel-spirituel-de-geneve/" target="_blank" rel="noreferrer noopener">L&#8217;Appel spirituel de Genève</a>.</li>
</ol>



<p class="wp-block-paragraph"></p>

<p>Dépasser les sources de tension interculturelles Les personnes d&#8217;une religion se méfient parfois des autres religions, ou même, les méprisent. [&hellip;]</p>

<!-- This site is optimized with the Yoast SEO plugin v28.2 - https://yoast.com/product/yoast-seo-wordpress/ -->
<title>Cultures, religions et valeurs humaines - Academy Fondation Graines de Paix</title>
<meta name="robots" content="index, follow, max-snippet:-1, max-image-preview:large, max-video-preview:-1" />
<link rel="canonical" href="https://academy.grainesdepaix.org/en/ressources/cultures-religions-et-valeurs-humaines/" />
<meta property="og:locale" content="en_US" />
<meta property="og:type" content="article" />
<meta property="og:title" content="Cultures, religions et valeurs humaines - Academy Fondation Graines de Paix" />
<meta property="og:description" content="Dépasser les sources de tension interculturelles Les personnes d&#8217;une religion se méfient parfois des autres religions, ou même, les méprisent. [&hellip;]" />
<meta property="og:url" content="https://academy.grainesdepaix.org/en/ressources/cultures-religions-et-valeurs-humaines/" />
<meta property="og:site_name" content="Academy Fondation Graines de Paix" />
<meta property="article:modified_time" content="2026-09-01T15:20:49+00:00" />
<meta name="twitter:card" content="summary_large_image" />
<meta name="twitter:label1" content="Est. reading time" />
	<meta name="twitter:data1" content="3 minutes" />
<script type="application/ld+json" class="yoast-schema-graph">{"@context":"https:\/\/schema.org","@graph":[{"@type":"WebPage","@id":"https:\/\/academy.grainesdepaix.org\/en\/ressources\/cultures-religions-et-valeurs-humaines\/","url":"https:\/\/academy.grainesdepaix.org\/en\/ressources\/cultures-religions-et-valeurs-humaines\/","name":"Cultures, religions et valeurs humaines - Academy Fondation Graines de Paix","isPartOf":{"@id":"https:\/\/academy.grainesdepaix.org\/en\/#website"},"datePublished":"2026-09-01T15:20:11+00:00","dateModified":"2026-09-01T15:20:49+00:00","breadcrumb":{"@id":"https:\/\/academy.grainesdepaix.org\/en\/ressources\/cultures-religions-et-valeurs-humaines\/#breadcrumb"},"inLanguage":"en-US","potentialAction":[{"@type":"ReadAction","target":["https:\/\/academy.grainesdepaix.org\/en\/ressources\/cultures-religions-et-valeurs-humaines\/"]}]},{"@type":"BreadcrumbList","@id":"https:\/\/academy.grainesdepaix.org\/en\/ressources\/cultures-religions-et-valeurs-humaines\/#breadcrumb","itemListElement":[{"@type":"ListItem","position":1,"name":"Home","item":"https:\/\/academy.grainesdepaix.org\/en\/"},{"@type":"ListItem","position":2,"name":"Ressources","item":"https:\/\/academy.grainesdepaix.org\/en\/ressources\/"},{"@type":"ListItem","position":3,"name":"Get inspired","item":"https:\/\/academy.grainesdepaix.org\/en\/category-ressources\/get-inspired\/"},{"@type":"ListItem","position":4,"name":"Peace concepts","item":"https:\/\/academy.grainesdepaix.org\/en\/category-ressources\/peace-concepts\/"},{"@type":"ListItem","position":5,"name":"Cultures, religions et valeurs humaines"}]},{"@type":"WebSite","@id":"https:\/\/academy.grainesdepaix.org\/en\/#website","url":"https:\/\/academy.grainesdepaix.org\/en\/","name":"Academy Fondation Graines de Paix","description":"Un site utilisant WordPress","potentialAction":[{"@type":"SearchAction","target":{"@type":"EntryPoint","urlTemplate":"https:\/\/academy.grainesdepaix.org\/en\/?s={search_term_string}"},"query-input":{"@type":"PropertyValueSpecification","valueRequired":true,"valueName":"search_term_string"}}],"inLanguage":"en-US"}]}</script>
<!-- / Yoast SEO plugin. -->

Dépasser les sources de tension interculturelles Les personnes d&#8217;une religion se méfient parfois des autres religions, ou même, les méprisent. [&hellip;]
